CRAN Package Check Results for Package vasicek

Last updated on 2021-10-26 10:04:45 CEST.

Flavor Version Tinstall Tcheck Ttotal Status Flags
r-devel-linux-x86_64-debian-clang 0.0.3 1.88 22.14 24.02 NOTE
r-devel-linux-x86_64-debian-gcc 0.0.3 1.58 17.41 18.99 NOTE
r-devel-linux-x86_64-fedora-clang 0.0.3 40.13 NOTE
r-devel-linux-x86_64-fedora-gcc 0.0.3 29.51 NOTE
r-devel-windows-x86_64 0.0.3 7.00 34.00 41.00 NOTE
r-devel-windows-x86_64-gcc10-UCRT 0.0.3 NOTE
r-patched-linux-x86_64 0.0.3 2.07 21.56 23.63 NOTE
r-patched-solaris-x86 0.0.3 48.90 NOTE
r-release-linux-x86_64 0.0.3 2.04 21.29 23.33 NOTE
r-release-macos-arm64 0.0.3 NOTE
r-release-macos-x86_64 0.0.3 NOTE
r-release-windows-ix86+x86_64 0.0.3 5.00 42.00 47.00 NOTE
r-oldrel-macos-x86_64 0.0.3 OK
r-oldrel-windows-ix86+x86_64 0.0.3 5.00 41.00 46.00 OK

Check Details

Version: 0.0.3
Check: LazyData
Result: NOTE
     'LazyData' is specified without a 'data' directory
Flavors: r-devel-linux-x86_64-debian-clang, r-devel-linux-x86_64-debian-gcc, r-devel-linux-x86_64-fedora-clang, r-devel-linux-x86_64-fedora-gcc, r-devel-windows-x86_64, r-devel-windows-x86_64-gcc10-UCRT, r-patched-linux-x86_64, r-patched-solaris-x86, r-release-linux-x86_64, r-release-macos-arm64, r-release-macos-x86_64, r-release-windows-ix86+x86_64