CRAN Package Check Results for Package varrank

Last updated on 2021-10-27 10:10:03 CEST.

Flavor Version Tinstall Tcheck Ttotal Status Flags
r-devel-linux-x86_64-debian-clang 0.4 3.05 102.98 106.03 OK
r-devel-linux-x86_64-debian-gcc 0.4 2.27 116.72 118.99 OK
r-devel-linux-x86_64-fedora-clang 0.4 197.33 OK
r-devel-linux-x86_64-fedora-gcc 0.4 177.36 OK
r-devel-windows-x86_64 0.4 6.00 73.00 79.00 OK
r-devel-windows-x86_64-gcc10-UCRT 0.4 OK
r-patched-linux-x86_64 0.4 3.56 140.30 143.86 OK
r-patched-solaris-x86 0.4 1129.50 WARN
r-release-linux-x86_64 0.4 2.99 142.40 145.39 OK
r-release-macos-arm64 0.4 OK
r-release-macos-x86_64 0.4 OK
r-release-windows-ix86+x86_64 0.4 6.00 113.00 119.00 OK
r-oldrel-macos-x86_64 0.4 OK
r-oldrel-windows-ix86+x86_64 0.4 9.00 98.00 107.00 OK

Check Details

Version: 0.4
Check: package dependencies
Result: NOTE
    Package suggested but not available for checking: ‘FSelector’
Flavor: r-patched-solaris-x86

Version: 0.4
Check: re-building of vignette outputs
Result: WARN
    Error(s) in re-building vignettes:
     ...
    --- re-building ‘varrank.Rmd’ using knitr
    Loading required package: randomForest
    randomForest 4.6-14
    Type rfNews() to see new features/changes/bug fixes.
    
    Attaching package: 'randomForest'
    
    The following object is masked from 'package:ggplot2':
    
     margin
    
    Loading required package: parallel
    Quitting from lines 122-125 (varrank.Rmd)
    Error: processing vignette 'varrank.Rmd' failed with diagnostics:
    there is no package called 'FSelector'
    --- failed re-building ‘varrank.Rmd’
    
    SUMMARY: processing the following file failed:
     ‘varrank.Rmd’
    
    Error: Vignette re-building failed.
    Execution halted
Flavor: r-patched-solaris-x86