CRAN Package Check Results for Package vardpoor

Last updated on 2021-10-23 10:57:11 CEST.

Flavor Version Tinstall Tcheck Ttotal Status Flags
r-devel-linux-x86_64-debian-clang 0.20.1 12.32 100.76 113.08 NOTE
r-devel-linux-x86_64-debian-gcc 0.20.1 9.90 71.59 81.49 NOTE
r-devel-linux-x86_64-fedora-clang 0.20.1 134.88 NOTE
r-devel-linux-x86_64-fedora-gcc 0.20.1 120.08 NOTE
r-devel-windows-x86_64 0.20.1 22.00 74.00 96.00 NOTE
r-devel-windows-x86_64-gcc10-UCRT 0.20.1 NOTE
r-patched-linux-x86_64 0.20.1 13.69 89.06 102.75 NOTE
r-patched-solaris-x86 0.20.1 145.70 NOTE
r-release-linux-x86_64 0.20.1 12.55 89.46 102.01 NOTE
r-release-macos-arm64 0.20.1 NOTE
r-release-macos-x86_64 0.20.1 NOTE
r-release-windows-ix86+x86_64 0.20.1 15.00 94.00 109.00 NOTE
r-oldrel-macos-x86_64 0.20.1 OK
r-oldrel-windows-ix86+x86_64 0.20.1 24.00 96.00 120.00 OK

Check Details

Version: 0.20.1
Check: LazyData
Result: NOTE
     'LazyData' is specified without a 'data' directory
Flavors: r-devel-linux-x86_64-debian-clang, r-devel-linux-x86_64-debian-gcc, r-devel-linux-x86_64-fedora-clang, r-devel-linux-x86_64-fedora-gcc, r-devel-windows-x86_64, r-devel-windows-x86_64-gcc10-UCRT, r-patched-linux-x86_64, r-patched-solaris-x86, r-release-linux-x86_64, r-release-macos-arm64, r-release-macos-x86_64, r-release-windows-ix86+x86_64