Last updated on 2024-04-24 10:23:13 CEST.
Flavor | Version | Tinstall | Tcheck | Ttotal | Status | Flags |
---|---|---|---|---|---|---|
r-devel-linux-x86_64-debian-clang | 0.2.1 | 4.33 | 37.38 | 41.71 | NOTE | |
r-devel-linux-x86_64-debian-gcc | 0.2.1 | 3.72 | 28.76 | 32.48 | NOTE | |
r-devel-linux-x86_64-fedora-clang | 0.2.1 | 52.69 | NOTE | |||
r-devel-linux-x86_64-fedora-gcc | 0.2.1 | 49.84 | NOTE | |||
r-devel-windows-x86_64 | 0.2.1 | 5.00 | 53.00 | 58.00 | NOTE | |
r-patched-linux-x86_64 | 0.2.1 | 4.43 | 36.41 | 40.84 | NOTE | |
r-release-linux-x86_64 | 0.2.1 | 2.66 | 36.08 | 38.74 | NOTE | |
r-release-macos-arm64 | 0.2.1 | 19.00 | NOTE | |||
r-release-windows-x86_64 | 0.2.1 | 6.00 | 53.00 | 59.00 | NOTE | |
r-oldrel-macos-arm64 | 0.2.1 | 18.00 | NOTE | |||
r-oldrel-macos-x86_64 | 0.2.1 | 29.00 | NOTE | |||
r-oldrel-windows-x86_64 | 0.2.1 | 6.00 | 65.00 | 71.00 | NOTE |
Version: 0.2.1
Check: package subdirectories
Result: NOTE
Problems with news in ‘NEWS.md’:
No news entries found.
Flavors: r-devel-linux-x86_64-debian-clang, r-devel-linux-x86_64-debian-gcc, r-devel-linux-x86_64-fedora-clang, r-devel-linux-x86_64-fedora-gcc, r-devel-windows-x86_64, r-patched-linux-x86_64, r-release-linux-x86_64, r-release-macos-arm64, r-release-windows-x86_64, r-oldrel-macos-x86_64
Version: 0.2.1
Check: LazyData
Result: NOTE
'LazyData' is specified without a 'data' directory
Flavors: r-devel-linux-x86_64-debian-clang, r-devel-linux-x86_64-debian-gcc, r-devel-linux-x86_64-fedora-clang, r-devel-linux-x86_64-fedora-gcc, r-devel-windows-x86_64, r-patched-linux-x86_64, r-release-linux-x86_64, r-release-macos-arm64, r-release-windows-x86_64, r-oldrel-macos-arm64, r-oldrel-macos-x86_64, r-oldrel-windows-x86_64