CRAN Package Check Results for Package vICC

Last updated on 2021-07-28 09:55:13 CEST.

Flavor Version Tinstall Tcheck Ttotal Status Flags
r-devel-linux-x86_64-debian-clang 1.0.0 OK
r-devel-linux-x86_64-debian-gcc 1.0.0 4.58 40.07 44.65 OK
r-devel-linux-x86_64-fedora-clang 1.0.0 76.95 NOTE
r-devel-linux-x86_64-fedora-gcc 1.0.0 67.10 NOTE
r-devel-windows-x86_64 1.0.0 10.00 57.00 67.00 OK
r-devel-windows-x86_64-gcc10-UCRT 1.0.0 NOTE
r-patched-linux-x86_64 1.0.0 4.56 49.57 54.13 OK
r-patched-solaris-x86 1.0.0 110.00 NOTE
r-release-linux-x86_64 1.0.0 5.73 49.54 55.27 OK
r-release-macos-arm64 1.0.0 ERROR
r-release-macos-x86_64 1.0.0 NOTE
r-release-windows-ix86+x86_64 1.0.0 14.00 65.00 79.00 OK
r-oldrel-macos-x86_64 1.0.0 NOTE
r-oldrel-windows-ix86+x86_64 1.0.0 11.00 71.00 82.00 OK

Check Details

Version: 1.0.0
Check: dependencies in R code
Result: NOTE
    Namespace in Imports field not imported from: ‘Rdpack’
     All declared Imports should be used.
Flavors: r-devel-linux-x86_64-fedora-clang, r-devel-linux-x86_64-fedora-gcc, r-devel-windows-x86_64-gcc10-UCRT, r-patched-solaris-x86, r-release-macos-x86_64, r-oldrel-macos-x86_64

Version: 1.0.0
Check: package dependencies
Result: ERROR
    Package required but not available: ‘rjags’
    
    See section ‘The DESCRIPTION file’ in the ‘Writing R Extensions’
    manual.
Flavor: r-release-macos-arm64