CRAN Package Check Results for Package uwot

Last updated on 2021-09-24 09:54:41 CEST.

Flavor Version Tinstall Tcheck Ttotal Status Flags
r-devel-linux-x86_64-debian-clang 0.1.10 65.28 147.95 213.23 NOTE
r-devel-linux-x86_64-debian-gcc 0.1.10 43.85 124.89 168.74 NOTE
r-devel-linux-x86_64-fedora-clang 0.1.10 277.47 NOTE
r-devel-linux-x86_64-fedora-gcc 0.1.10 258.07 NOTE
r-devel-windows-x86_64 0.1.10 56.00 143.00 199.00 NOTE
r-devel-windows-x86_64-gcc10-UCRT 0.1.10 NOTE
r-patched-linux-x86_64 0.1.10 54.94 143.98 198.92 NOTE
r-patched-solaris-x86 0.1.10 338.60 NOTE
r-release-linux-x86_64 0.1.10 53.85 143.17 197.02 NOTE
r-release-macos-arm64 0.1.10 NOTE
r-release-macos-x86_64 0.1.10 NOTE
r-release-windows-ix86+x86_64 0.1.10 147.00 221.00 368.00 NOTE
r-oldrel-macos-x86_64 0.1.10 NOTE
r-oldrel-windows-ix86+x86_64 0.1.10 108.00 225.00 333.00 OK

Check Details

Version: 0.1.10
Check: LazyData
Result: NOTE
     'LazyData' is specified without a 'data' directory
Flavors: r-devel-linux-x86_64-debian-clang, r-devel-linux-x86_64-debian-gcc, r-devel-linux-x86_64-fedora-clang, r-devel-linux-x86_64-fedora-gcc, r-devel-windows-x86_64, r-devel-windows-x86_64-gcc10-UCRT, r-patched-linux-x86_64, r-patched-solaris-x86, r-release-linux-x86_64, r-release-macos-arm64, r-release-macos-x86_64, r-release-windows-ix86+x86_64

Version: 0.1.10
Check: installed package size
Result: NOTE
     installed size is 6.2Mb
     sub-directories of 1Mb or more:
     libs 5.9Mb
Flavors: r-release-macos-arm64, r-release-macos-x86_64, r-oldrel-macos-x86_64