CRAN Package Check Results for Package upsetjs

Last updated on 2021-10-16 09:54:36 CEST.

Flavor Version Tinstall Tcheck Ttotal Status Flags
r-devel-linux-x86_64-debian-clang 1.9.0 3.86 45.24 49.10 OK
r-devel-linux-x86_64-debian-gcc 1.9.0 3.05 36.26 39.31 OK
r-devel-linux-x86_64-fedora-clang 1.9.0 71.72 OK
r-devel-linux-x86_64-fedora-gcc 1.9.0 59.80 OK
r-devel-windows-x86_64 1.9.0 6.00 64.00 70.00 OK
r-devel-windows-x86_64-gcc10-UCRT 1.9.0 OK
r-patched-linux-x86_64 1.9.0 4.21 47.86 52.07 OK
r-patched-solaris-x86 1.9.0 87.20 OK
r-release-linux-x86_64 1.9.0 3.94 47.54 51.48 OK
r-release-macos-arm64 1.9.0 OK
r-release-macos-x86_64 1.9.0 WARN
r-release-windows-ix86+x86_64 1.9.0 7.00 80.00 87.00 OK
r-oldrel-macos-x86_64 1.9.0 WARN
r-oldrel-windows-ix86+x86_64 1.9.0 9.00 83.00 92.00 OK

Check Details

Version: 1.9.0
Check: re-building of vignette outputs
Result: WARN
    Error(s) in re-building vignettes:
    --- re-building ‘colors.Rmd’ using rmarkdown
    Warning in engine$weave(file, quiet = quiet, encoding = enc) :
     Pandoc (>= 1.12.3) not available. Falling back to R Markdown v1.
    Quitting from lines 38-40 (colors.Rmd)
    Error: processing vignette 'colors.Rmd' failed with diagnostics:
    invalid 'path' argument
    --- failed re-building ‘colors.Rmd’
    
    --- re-building ‘combinationModes.Rmd’ using rmarkdown
    Warning in engine$weave(file, quiet = quiet, encoding = enc) :
     Pandoc (>= 1.12.3) not available. Falling back to R Markdown v1.
    Quitting from lines 53-55 (combinationModes.Rmd)
    Error: processing vignette 'combinationModes.Rmd' failed with diagnostics:
    invalid 'path' argument
    --- failed re-building ‘combinationModes.Rmd’
    
    --- re-building ‘got.Rmd’ using rmarkdown
    Warning in engine$weave(file, quiet = quiet, encoding = enc) :
     Pandoc (>= 1.12.3) not available. Falling back to R Markdown v1.
    Quitting from lines 33-34 (got.Rmd)
    Error: processing vignette 'got.Rmd' failed with diagnostics:
    invalid 'path' argument
    --- failed re-building ‘got.Rmd’
    
    --- re-building ‘kmap.Rmd’ using rmarkdown
    Warning in engine$weave(file, quiet = quiet, encoding = enc) :
     Pandoc (>= 1.12.3) not available. Falling back to R Markdown v1.
    Quitting from lines 28-32 (kmap.Rmd)
    Error: processing vignette 'kmap.Rmd' failed with diagnostics:
    invalid 'path' argument
    --- failed re-building ‘kmap.Rmd’
    
    --- re-building ‘upsetjs.Rmd’ using rmarkdown
    Warning in engine$weave(file, quiet = quiet, encoding = enc) :
     Pandoc (>= 1.12.3) not available. Falling back to R Markdown v1.
    Quitting from lines 38-42 (upsetjs.Rmd)
    Error: processing vignette 'upsetjs.Rmd' failed with diagnostics:
    invalid 'path' argument
    --- failed re-building ‘upsetjs.Rmd’
    
    --- re-building ‘venn.Rmd’ using rmarkdown
    Warning in engine$weave(file, quiet = quiet, encoding = enc) :
     Pandoc (>= 1.12.3) not available. Falling back to R Markdown v1.
    Quitting from lines 28-32 (venn.Rmd)
    Error: processing vignette 'venn.Rmd' failed with diagnostics:
    invalid 'path' argument
    --- failed re-building ‘venn.Rmd’
    
    SUMMARY: processing the following files failed:
     ‘colors.Rmd’ ‘combinationModes.Rmd’ ‘got.Rmd’ ‘kmap.Rmd’
     ‘upsetjs.Rmd’ ‘venn.Rmd’
    
    Error: Vignette re-building failed.
    Execution halted
Flavor: r-release-macos-x86_64

Version: 1.9.0
Check: re-building of vignette outputs
Result: WARN
    Error(s) in re-building vignettes:
    --- re-building ‘colors.Rmd’ using rmarkdown
    Warning in engine$weave(file, quiet = quiet, encoding = enc) :
     Pandoc (>= 1.12.3) and/or pandoc-citeproc not available. Falling back to R Markdown v1.
    Quitting from lines 38-40 (colors.Rmd)
    Error: processing vignette 'colors.Rmd' failed with diagnostics:
    invalid 'path' argument
    --- failed re-building ‘colors.Rmd’
    
    --- re-building ‘combinationModes.Rmd’ using rmarkdown
    Warning in engine$weave(file, quiet = quiet, encoding = enc) :
     Pandoc (>= 1.12.3) and/or pandoc-citeproc not available. Falling back to R Markdown v1.
    Quitting from lines 53-55 (combinationModes.Rmd)
    Error: processing vignette 'combinationModes.Rmd' failed with diagnostics:
    invalid 'path' argument
    --- failed re-building ‘combinationModes.Rmd’
    
    --- re-building ‘got.Rmd’ using rmarkdown
    Warning in engine$weave(file, quiet = quiet, encoding = enc) :
     Pandoc (>= 1.12.3) and/or pandoc-citeproc not available. Falling back to R Markdown v1.
    Quitting from lines 33-34 (got.Rmd)
    Error: processing vignette 'got.Rmd' failed with diagnostics:
    invalid 'path' argument
    --- failed re-building ‘got.Rmd’
    
    --- re-building ‘kmap.Rmd’ using rmarkdown
    Warning in engine$weave(file, quiet = quiet, encoding = enc) :
     Pandoc (>= 1.12.3) and/or pandoc-citeproc not available. Falling back to R Markdown v1.
    Quitting from lines 28-32 (kmap.Rmd)
    Error: processing vignette 'kmap.Rmd' failed with diagnostics:
    invalid 'path' argument
    --- failed re-building ‘kmap.Rmd’
    
    --- re-building ‘upsetjs.Rmd’ using rmarkdown
    Warning in engine$weave(file, quiet = quiet, encoding = enc) :
     Pandoc (>= 1.12.3) and/or pandoc-citeproc not available. Falling back to R Markdown v1.
    Quitting from lines 38-42 (upsetjs.Rmd)
    Error: processing vignette 'upsetjs.Rmd' failed with diagnostics:
    invalid 'path' argument
    --- failed re-building ‘upsetjs.Rmd’
    
    --- re-building ‘venn.Rmd’ using rmarkdown
    Warning in engine$weave(file, quiet = quiet, encoding = enc) :
     Pandoc (>= 1.12.3) and/or pandoc-citeproc not available. Falling back to R Markdown v1.
    Quitting from lines 28-32 (venn.Rmd)
    Error: processing vignette 'venn.Rmd' failed with diagnostics:
    invalid 'path' argument
    --- failed re-building ‘venn.Rmd’
    
    SUMMARY: processing the following files failed:
     ‘colors.Rmd’ ‘combinationModes.Rmd’ ‘got.Rmd’ ‘kmap.Rmd’
     ‘upsetjs.Rmd’ ‘venn.Rmd’
    
    Error: Vignette re-building failed.
    Execution halted
Flavor: r-oldrel-macos-x86_64