CRAN Package Check Results for Package unival

Last updated on 2021-10-19 09:54:31 CEST.

Flavor Version Tinstall Tcheck Ttotal Status Flags
r-devel-linux-x86_64-debian-clang 1.1.0 2.75 25.31 28.06 OK
r-devel-linux-x86_64-debian-gcc 1.1.0 2.36 19.23 21.59 OK
r-devel-linux-x86_64-fedora-clang 1.1.0 44.50 NOTE
r-devel-linux-x86_64-fedora-gcc 1.1.0 33.69 OK
r-devel-windows-x86_64 1.1.0 5.00 33.00 38.00 OK
r-devel-windows-x86_64-gcc10-UCRT 1.1.0 OK
r-patched-linux-x86_64 1.1.0 3.18 23.95 27.13 OK
r-patched-solaris-x86 1.1.0 53.60 OK
r-release-linux-x86_64 1.1.0 2.37 24.46 26.83 OK
r-release-macos-arm64 1.1.0 OK
r-release-macos-x86_64 1.1.0 OK
r-release-windows-ix86+x86_64 1.1.0 5.00 41.00 46.00 OK
r-oldrel-macos-x86_64 1.1.0 OK
r-oldrel-windows-ix86+x86_64 1.1.0 7.00 45.00 52.00 OK

Check Details

Version: 1.1.0
Check: Rd cross-references
Result: NOTE
    Undeclared package ‘mirt’ in Rd xrefs
Flavor: r-devel-linux-x86_64-fedora-clang