Last updated on 2024-04-19 10:57:45 CEST.
Flavor | Version | Tinstall | Tcheck | Ttotal | Status | Flags |
---|---|---|---|---|---|---|
r-devel-linux-x86_64-debian-clang | 0.2.0 | 70.77 | 31.68 | 102.45 | NOTE | |
r-devel-linux-x86_64-debian-gcc | 0.2.0 | NOTE | ||||
r-devel-linux-x86_64-fedora-clang | 0.2.0 | 159.85 | NOTE | |||
r-devel-linux-x86_64-fedora-gcc | 0.2.0 | 134.31 | NOTE | |||
r-prerel-macos-arm64 | 0.2.0 | 31.00 | NOTE | |||
r-prerel-windows-x86_64 | 0.2.0 | 53.00 | 61.00 | 114.00 | NOTE | |
r-patched-linux-x86_64 | 0.2.0 | 65.80 | 30.09 | 95.89 | NOTE | |
r-release-linux-x86_64 | 0.2.0 | 63.33 | 30.52 | 93.85 | NOTE | |
r-release-macos-arm64 | 0.2.0 | 39.00 | NOTE | |||
r-release-macos-x86_64 | 0.2.0 | 61.00 | NOTE | |||
r-release-windows-x86_64 | 0.2.0 | 62.00 | 72.00 | 134.00 | NOTE | |
r-oldrel-macos-arm64 | 0.2.0 | 35.00 | OK | |||
r-oldrel-windows-x86_64 | 0.2.0 | 72.00 | 70.00 | 142.00 | OK |
Version: 0.2.0
Check: C++ specification
Result: NOTE
Specified C++11: please drop specification unless essential
Flavors: r-devel-linux-x86_64-debian-clang, r-devel-linux-x86_64-debian-gcc, r-devel-linux-x86_64-fedora-clang, r-devel-linux-x86_64-fedora-gcc, r-prerel-macos-arm64, r-prerel-windows-x86_64, r-patched-linux-x86_64, r-release-linux-x86_64, r-release-macos-arm64, r-release-macos-x86_64, r-release-windows-x86_64
Version: 0.2.0
Check: data for non-ASCII characters
Result: NOTE
Note: found 548 marked UTF-8 strings
Flavors: r-devel-linux-x86_64-fedora-clang, r-devel-linux-x86_64-fedora-gcc