Last updated on 2024-05-11 10:48:50 CEST.
Flavor | Version | Tinstall | Tcheck | Ttotal | Status | Flags |
---|---|---|---|---|---|---|
r-devel-linux-x86_64-debian-clang | 1.4.4 | 53.42 | 119.81 | 173.23 | OK | |
r-devel-linux-x86_64-debian-gcc | 1.4.4 | 47.27 | 98.11 | 145.38 | OK | |
r-devel-linux-x86_64-fedora-clang | 1.4.4 | 224.96 | OK | |||
r-devel-linux-x86_64-fedora-gcc | 1.4.4 | 317.53 | OK | |||
r-devel-windows-x86_64 | 1.4.4 | 43.00 | 145.00 | 188.00 | OK | |
r-patched-linux-x86_64 | 1.4.4 | 58.28 | 126.82 | 185.10 | OK | |
r-release-linux-x86_64 | 1.4.4 | 57.42 | 124.02 | 181.44 | OK | |
r-release-macos-arm64 | 1.4.4 | 69.00 | NOTE | |||
r-release-macos-x86_64 | 1.4.4 | 203.00 | NOTE | |||
r-release-windows-x86_64 | 1.4.4 | 41.00 | 145.00 | 186.00 | OK | |
r-oldrel-macos-arm64 | 1.4.4 | 80.00 | NOTE | |||
r-oldrel-macos-x86_64 | 1.4.4 | 200.00 | NOTE | |||
r-oldrel-windows-x86_64 | 1.4.4 | 54.00 | 169.00 | 223.00 | OK |
Version: 1.4.4
Check: installed package size
Result: NOTE
installed size is 13.9Mb
sub-directories of 1Mb or more:
libs 13.2Mb
Flavors: r-release-macos-arm64, r-release-macos-x86_64, r-oldrel-macos-arm64, r-oldrel-macos-x86_64