CRAN Package Check Results for Package understandBPMN

Last updated on 2021-10-21 09:55:10 CEST.

Flavor Version Tinstall Tcheck Ttotal Status Flags
r-devel-linux-x86_64-debian-clang 1.1.1 39.40 103.05 142.45 NOTE
r-devel-linux-x86_64-debian-gcc 1.1.1 30.72 74.86 105.58 NOTE
r-devel-linux-x86_64-fedora-clang 1.1.1 205.76 NOTE
r-devel-linux-x86_64-fedora-gcc 1.1.1 175.10 NOTE
r-devel-windows-x86_64 1.1.1 58.00 113.00 171.00 NOTE
r-devel-windows-x86_64-gcc10-UCRT 1.1.1 NOTE
r-patched-linux-x86_64 1.1.1 37.94 96.46 134.40 NOTE
r-patched-solaris-x86 1.1.1 203.30 NOTE
r-release-linux-x86_64 1.1.1 37.07 96.28 133.35 NOTE
r-release-macos-arm64 1.1.1 NOTE
r-release-macos-x86_64 1.1.1 NOTE
r-release-windows-ix86+x86_64 1.1.1 90.00 185.00 275.00 NOTE
r-oldrel-macos-x86_64 1.1.1 OK
r-oldrel-windows-ix86+x86_64 1.1.1 96.00 190.00 286.00 OK

Check Details

Version: 1.1.1
Check: LazyData
Result: NOTE
     'LazyData' is specified without a 'data' directory
Flavors: r-devel-linux-x86_64-debian-clang, r-devel-linux-x86_64-debian-gcc, r-devel-linux-x86_64-fedora-clang, r-devel-linux-x86_64-fedora-gcc, r-devel-windows-x86_64, r-devel-windows-x86_64-gcc10-UCRT, r-patched-linux-x86_64, r-patched-solaris-x86, r-release-linux-x86_64, r-release-macos-arm64, r-release-macos-x86_64, r-release-windows-ix86+x86_64