CRAN Package Check Results for Package uklr

Last updated on 2021-09-28 09:53:36 CEST.

Flavor Version Tinstall Tcheck Ttotal Status Flags
r-devel-linux-x86_64-debian-clang 1.0.2 13.05 71.88 84.93 OK
r-devel-linux-x86_64-debian-gcc 1.0.2 10.46 57.96 68.42 OK
r-devel-linux-x86_64-fedora-clang 1.0.2 114.38 OK
r-devel-linux-x86_64-fedora-gcc 1.0.2 100.22 OK
r-devel-windows-x86_64 1.0.2 13.00 91.00 104.00 OK
r-devel-windows-x86_64-gcc10-UCRT 1.0.2 OK
r-patched-linux-x86_64 1.0.2 11.96 68.47 80.43 OK
r-patched-solaris-x86 1.0.2 182.80 OK
r-release-linux-x86_64 1.0.2 11.49 69.11 80.60 OK
r-release-macos-arm64 1.0.2 NOTE
r-release-macos-x86_64 1.0.2 OK
r-release-windows-ix86+x86_64 1.0.2 20.00 85.00 105.00 OK
r-oldrel-macos-x86_64 1.0.2 OK
r-oldrel-windows-ix86+x86_64 1.0.2 15.00 87.00 102.00 OK

Check Details

Version: 1.0.2
Check: installed package size
Result: NOTE
     installed size is 5.4Mb
     sub-directories of 1Mb or more:
     data 5.1Mb
Flavor: r-release-macos-arm64