CRAN Package Check Results for Package twangRDC

Last updated on 2021-10-27 10:10:03 CEST.

Flavor Version Tinstall Tcheck Ttotal Status Flags
r-devel-linux-x86_64-debian-clang 1.0 8.56 472.16 480.72 OK
r-devel-linux-x86_64-debian-gcc 1.0 7.56 643.33 650.89 OK
r-devel-linux-x86_64-fedora-clang 1.0 506.16 NOTE
r-devel-linux-x86_64-fedora-gcc 1.0 563.65 OK
r-devel-windows-x86_64 1.0 16.00 267.00 283.00 OK
r-devel-windows-x86_64-gcc10-UCRT 1.0 OK
r-patched-linux-x86_64 1.0 12.37 479.58 491.95 OK
r-patched-solaris-x86 1.0 612.00 OK
r-release-linux-x86_64 1.0 9.10 453.27 462.37 OK
r-release-macos-arm64 1.0 OK
r-release-macos-x86_64 1.0 OK
r-release-windows-ix86+x86_64 1.0 17.00 344.00 361.00 OK
r-oldrel-macos-x86_64 1.0 OK
r-oldrel-windows-ix86+x86_64 1.0 25.00 375.00 400.00 OK

Check Details

Version: 1.0
Check: Rd cross-references
Result: NOTE
    Undeclared package ‘twang’ in Rd xrefs
Flavor: r-devel-linux-x86_64-fedora-clang