CRAN Package Check Results for Package tukeyGH

Last updated on 2021-10-16 09:54:36 CEST.

Flavor Version Tinstall Tcheck Ttotal Status Flags
r-devel-linux-x86_64-debian-clang 1.0.0 3.16 57.33 60.49 ERROR
r-devel-linux-x86_64-debian-gcc 1.0.0 2.47 42.60 45.07 OK
r-devel-linux-x86_64-fedora-clang 1.0.0 80.31 NOTE
r-devel-linux-x86_64-fedora-gcc 1.0.0 69.73 NOTE
r-devel-windows-x86_64 1.0.0 5.00 60.00 65.00 OK
r-devel-windows-x86_64-gcc10-UCRT 1.0.0 NOTE
r-patched-linux-x86_64 1.0.0 3.48 54.29 57.77 OK
r-patched-solaris-x86 1.0.0 93.10 NOTE
r-release-linux-x86_64 1.0.0 3.45 54.41 57.86 OK
r-release-macos-arm64 1.0.0 NOTE
r-release-macos-x86_64 1.0.0 NOTE
r-release-windows-ix86+x86_64 1.0.0 7.00 80.00 87.00 OK
r-oldrel-macos-x86_64 1.0.0 NOTE
r-oldrel-windows-ix86+x86_64 1.0.0 8.00 78.00 86.00 OK

Check Details

Version: 1.0.0
Check: tests
Result: ERROR
     Running 'testthat.R' [27s/30s]
    Running the tests in 'tests/testthat.R' failed.
    Complete output:
     > library(testthat)
     > library(tukeyGH)
     >
     > test_check("tukeyGH")
     == Failed tests ================================================================
     -- Failure (test-dgh.R:40:3): dgh works ----------------------------------------
     with(depo, dgh(depo$x, a, b, g, h, tol = 1e-07)) (`actual`) not equal to with(depo, g/b * dlnorm(1 + g * (depo$x - a)/b, 0, g)) (`expected`).
    
     actual | expected
     [1] 0.4536511488903034 - 0.4536511488641216 [1]
     [2] 0.1751316823382127 - 0.1751315591798800 [2]
     [3] 0.9997532199334001 - 0.9997532199334817 [3]
     [4] 1.0053560476361254 - 1.0053560476363437 [4]
     [5] 0.3502814818959861 - 0.3502814817034016 [5]
     [6] 0.0885074410777436 - 0.0885074391046412 [6]
     [7] 0.6832251952217804 - 0.6832251885829042 [7]
     [8] 0.3924687275006601 - 0.3924687275006616 [8]
     [9] 1.8814857351768350 - 1.8814857398207743 [9]
     [10] 0.4060808333756293 - 0.4060808438211480 [10]
     ... ... ... and 90 more ...
    
     [ FAIL 1 | WARN 0 | SKIP 0 | PASS 62 ]
     Error: Test failures
     Execution halted
Flavor: r-devel-linux-x86_64-debian-clang

Version: 1.0.0
Check: dependencies in R code
Result: NOTE
    Namespace in Imports field not imported from: ‘Rdpack’
     All declared Imports should be used.
Flavors: r-devel-linux-x86_64-fedora-clang, r-devel-linux-x86_64-fedora-gcc, r-devel-windows-x86_64-gcc10-UCRT, r-patched-solaris-x86, r-release-macos-arm64, r-release-macos-x86_64, r-oldrel-macos-x86_64