CRAN Package Check Results for Package tsfeatures

Last updated on 2021-09-17 09:53:40 CEST.

Flavor Version Tinstall Tcheck Ttotal Status Flags
r-devel-linux-x86_64-debian-clang 1.0.2 8.60 102.66 111.26 NOTE
r-devel-linux-x86_64-debian-gcc 1.0.2 6.57 75.86 82.43 NOTE
r-devel-linux-x86_64-fedora-clang 1.0.2 141.33 NOTE
r-devel-linux-x86_64-fedora-gcc 1.0.2 123.21 NOTE
r-devel-windows-x86_64 1.0.2 11.00 147.00 158.00 NOTE
r-devel-windows-x86_64-gcc10-UCRT 1.0.2 NOTE
r-patched-linux-x86_64 1.0.2 7.75 95.98 103.73 NOTE
r-patched-solaris-x86 1.0.2 176.70 NOTE
r-release-linux-x86_64 1.0.2 7.36 94.44 101.80 NOTE
r-release-macos-arm64 1.0.2 NOTE
r-release-macos-x86_64 1.0.2 NOTE
r-release-windows-ix86+x86_64 1.0.2 20.00 91.00 111.00 NOTE
r-oldrel-macos-x86_64 1.0.2 OK
r-oldrel-windows-ix86+x86_64 1.0.2 14.00 114.00 128.00 OK

Check Details

Version: 1.0.2
Check: LazyData
Result: NOTE
     'LazyData' is specified without a 'data' directory
Flavors: r-devel-linux-x86_64-debian-clang, r-devel-linux-x86_64-debian-gcc, r-devel-linux-x86_64-fedora-clang, r-devel-linux-x86_64-fedora-gcc, r-devel-windows-x86_64, r-devel-windows-x86_64-gcc10-UCRT, r-patched-linux-x86_64, r-patched-solaris-x86, r-release-linux-x86_64, r-release-macos-arm64, r-release-macos-x86_64, r-release-windows-ix86+x86_64