Last updated on 2024-04-24 10:23:12 CEST.
Flavor | Version | Tinstall | Tcheck | Ttotal | Status | Flags |
---|---|---|---|---|---|---|
r-devel-linux-x86_64-debian-clang | 0.1-13.1 | 5.78 | 29.04 | 34.82 | OK | |
r-devel-linux-x86_64-debian-gcc | 0.1-13.1 | 3.89 | 22.80 | 26.69 | OK | |
r-devel-linux-x86_64-fedora-clang | 0.1-13.1 | 43.69 | NOTE | |||
r-devel-linux-x86_64-fedora-gcc | 0.1-13.1 | 41.82 | NOTE | |||
r-devel-windows-x86_64 | 0.1-13.1 | 9.00 | 48.00 | 57.00 | OK | |
r-patched-linux-x86_64 | 0.1-13.1 | 5.10 | 28.80 | 33.90 | OK | |
r-release-linux-x86_64 | 0.1-13.1 | 4.49 | 28.92 | 33.41 | OK | |
r-release-macos-arm64 | 0.1-13.1 | 30.00 | OK | |||
r-release-windows-x86_64 | 0.1-13.1 | 11.00 | 44.00 | 55.00 | OK | |
r-oldrel-macos-arm64 | 0.1-13.1 | 19.00 | OK | |||
r-oldrel-macos-x86_64 | 0.1-13.1 | 27.00 | OK | |||
r-oldrel-windows-x86_64 | 0.1-13.1 | 10.00 | 50.00 | 60.00 | OK |
Version: 0.1-13.1
Check: compiled code
Result: NOTE
File ‘tseriesChaos/libs/tseriesChaos.so’:
Found no calls to: ‘R_registerRoutines’, ‘R_useDynamicSymbols’
It is good practice to register native routines and to disable symbol
search.
See ‘Writing portable packages’ in the ‘Writing R Extensions’ manual.
Flavors: r-devel-linux-x86_64-fedora-clang, r-devel-linux-x86_64-fedora-gcc