CRAN Package Check Results for Package tscount

Last updated on 2021-09-22 09:52:53 CEST.

Flavor Version Tinstall Tcheck Ttotal Status Flags
r-devel-linux-x86_64-debian-clang 1.4.3 6.83 186.10 192.93 OK
r-devel-linux-x86_64-debian-gcc 1.4.3 5.17 128.41 133.58 OK
r-devel-linux-x86_64-fedora-clang 1.4.3 220.29 OK
r-devel-linux-x86_64-fedora-gcc 1.4.3 214.62 OK
r-devel-windows-x86_64 1.4.3 7.00 154.00 161.00 OK
r-devel-windows-x86_64-gcc10-UCRT 1.4.3 ERROR
r-patched-linux-x86_64 1.4.3 6.17 173.45 179.62 OK
r-patched-solaris-x86 1.4.3 242.30 OK
r-release-linux-x86_64 1.4.3 6.49 172.24 178.73 OK
r-release-macos-arm64 1.4.3 OK
r-release-macos-x86_64 1.4.3 OK
r-release-windows-ix86+x86_64 1.4.3 11.00 153.00 164.00 OK
r-oldrel-macos-x86_64 1.4.3 OK
r-oldrel-windows-ix86+x86_64 1.4.3 8.00 152.00 160.00 OK

Check Details

Version: 1.4.3
Check: PDF version of manual
Result: WARN
    LaTeX errors when creating PDF version.
    This typically indicates Rd problems.
Flavor: r-devel-windows-x86_64-gcc10-UCRT

Version: 1.4.3
Check: PDF version of manual without hyperrefs or index
Result: ERROR
    Re-running with no redirection of stdout/stderr.
Flavor: r-devel-windows-x86_64-gcc10-UCRT