CRAN Package Check Results for Package truncnorm

Last updated on 2021-09-23 10:53:52 CEST.

Flavor Version Tinstall Tcheck Ttotal Status Flags
r-devel-linux-x86_64-debian-clang 1.0-8 2.74 36.83 39.57 OK
r-devel-linux-x86_64-debian-gcc 1.0-8 2.28 27.35 29.63 OK
r-devel-linux-x86_64-fedora-clang 1.0-8 55.29 OK
r-devel-linux-x86_64-fedora-gcc 1.0-8 44.43 OK
r-devel-windows-x86_64 1.0-8 5.00 41.00 46.00 OK
r-devel-windows-x86_64-gcc10-UCRT 1.0-8 ERROR
r-patched-linux-x86_64 1.0-8 2.63 34.18 36.81 OK
r-patched-solaris-x86 1.0-8 66.20 OK
r-release-linux-x86_64 1.0-8 2.65 34.30 36.95 OK
r-release-macos-arm64 1.0-8 OK
r-release-macos-x86_64 1.0-8 OK
r-release-windows-ix86+x86_64 1.0-8 11.00 56.00 67.00 OK
r-oldrel-macos-x86_64 1.0-8 OK
r-oldrel-windows-ix86+x86_64 1.0-8 39.00 60.00 99.00 OK

Check Details

Version: 1.0-8
Check: whether package can be installed
Result: ERROR
    Installation failed.
Flavor: r-devel-windows-x86_64-gcc10-UCRT