Last updated on 2024-03-28 10:49:52 CET.
Flavor | Version | Tinstall | Tcheck | Ttotal | Status | Flags |
---|---|---|---|---|---|---|
r-devel-linux-x86_64-debian-clang | 1.2.1 | 6.13 | 36.05 | 42.18 | NOTE | |
r-devel-linux-x86_64-debian-gcc | 1.2.1 | 6.30 | 27.95 | 34.25 | NOTE | |
r-devel-linux-x86_64-fedora-clang | 1.2.1 | 58.12 | NOTE | |||
r-devel-linux-x86_64-fedora-gcc | 1.2.1 | 55.27 | NOTE | |||
r-devel-windows-x86_64 | 1.2.1 | 10.00 | 54.00 | 64.00 | NOTE | |
r-patched-linux-x86_64 | 1.2.1 | 6.99 | 34.74 | 41.73 | NOTE | |
r-release-linux-x86_64 | 1.2.1 | 8.16 | 35.14 | 43.30 | NOTE | |
r-release-macos-arm64 | 1.2.1 | 24.00 | NOTE | |||
r-release-macos-x86_64 | 1.2.1 | 33.00 | NOTE | |||
r-release-windows-x86_64 | 1.2.1 | 10.00 | 57.00 | 67.00 | NOTE | |
r-oldrel-macos-arm64 | 1.2.1 | 22.00 | OK | |||
r-oldrel-windows-x86_64 | 1.2.1 | 10.00 | 59.00 | 69.00 | OK |
Version: 1.2.1
Check: C++ specification
Result: NOTE
Specified C++11: please drop specification unless essential
Flavors: r-devel-linux-x86_64-debian-clang, r-devel-linux-x86_64-debian-gcc, r-devel-linux-x86_64-fedora-clang, r-devel-linux-x86_64-fedora-gcc, r-devel-windows-x86_64, r-patched-linux-x86_64, r-release-linux-x86_64, r-release-macos-arm64, r-release-macos-x86_64, r-release-windows-x86_64