CRAN Package Check Results for Package treenomial

Last updated on 2021-10-21 09:55:09 CEST.

Flavor Version Tinstall Tcheck Ttotal Status Flags
r-devel-linux-x86_64-debian-clang 1.1.3 80.86 41.03 121.89 OK
r-devel-linux-x86_64-debian-gcc 1.1.3 60.62 29.99 90.61 OK
r-devel-linux-x86_64-fedora-clang 1.1.3 203.52 NOTE
r-devel-linux-x86_64-fedora-gcc 1.1.3 170.89 OK
r-devel-windows-x86_64 1.1.3 108.00 61.00 169.00 OK
r-devel-windows-x86_64-gcc10-UCRT 1.1.3 OK
r-patched-linux-x86_64 1.1.3 78.17 38.85 117.02 OK
r-patched-solaris-x86 1.1.3 166.80 OK
r-release-linux-x86_64 1.1.3 76.61 38.71 115.32 OK
r-release-macos-arm64 1.1.3 NOTE
r-release-macos-x86_64 1.1.3 NOTE
r-release-windows-ix86+x86_64 1.1.3 151.00 104.00 255.00 OK
r-oldrel-macos-x86_64 1.1.3 NOTE
r-oldrel-windows-ix86+x86_64 1.1.3 224.00 96.00 320.00 ERROR

Check Details

Version: 1.1.3
Check: installed package size
Result: NOTE
     installed size is 5.9Mb
     sub-directories of 1Mb or more:
     libs 5.7Mb
Flavors: r-devel-linux-x86_64-fedora-clang, r-release-macos-arm64, r-release-macos-x86_64, r-oldrel-macos-x86_64

Version: 1.1.3
Check: running tests for arch ‘x64’
Result: ERROR
     Running 'testthat.R' [3s]
    Running the tests in 'tests/testthat.R' failed.
    Complete output:
     > library(testthat)
     > library(treenomial)
     >
     > test_check("treenomial")
Flavor: r-oldrel-windows-ix86+x86_64