Last updated on 2024-03-28 10:49:52 CET.
Flavor | Version | Tinstall | Tcheck | Ttotal | Status | Flags |
---|---|---|---|---|---|---|
r-devel-linux-x86_64-debian-clang | 2.0.6.0 | 127.81 | 180.73 | 308.54 | NOTE | |
r-devel-linux-x86_64-debian-gcc | 2.0.6.0 | 102.41 | 130.29 | 232.70 | NOTE | |
r-devel-linux-x86_64-fedora-clang | 2.0.6.0 | 432.56 | NOTE | |||
r-devel-linux-x86_64-fedora-gcc | 2.0.6.0 | 437.01 | NOTE | |||
r-devel-windows-x86_64 | 2.0.6.0 | 105.00 | 151.00 | 256.00 | NOTE | |
r-patched-linux-x86_64 | 2.0.6.0 | 136.04 | 178.12 | 314.16 | NOTE | |
r-release-linux-x86_64 | 2.0.6.0 | 130.57 | 179.25 | 309.82 | NOTE | |
r-release-macos-arm64 | 2.0.6.0 | 192.00 | NOTE | |||
r-release-macos-x86_64 | 2.0.6.0 | 167.00 | NOTE | |||
r-release-windows-x86_64 | 2.0.6.0 | 128.00 | 197.00 | 325.00 | NOTE | |
r-oldrel-macos-arm64 | 2.0.6.0 | 96.00 | OK | |||
r-oldrel-windows-x86_64 | 2.0.6.0 | 128.00 | 180.00 | 308.00 | OK |
Version: 2.0.6.0
Check: Rd files
Result: NOTE
checkRd: (-1) dcc.Rd:227: Escaped LaTeX specials: \&
checkRd: (-1) seascorr.Rd:128: Escaped LaTeX specials: \&
Flavors: r-devel-linux-x86_64-debian-clang, r-devel-linux-x86_64-debian-gcc, r-devel-linux-x86_64-fedora-clang, r-devel-linux-x86_64-fedora-gcc, r-devel-windows-x86_64, r-patched-linux-x86_64, r-release-linux-x86_64, r-release-macos-arm64, r-release-macos-x86_64, r-release-windows-x86_64
Version: 2.0.6.0
Check: Rd \usage sections
Result: NOTE
Documented arguments not in \usage in Rd file 'correct_continuous.Rd':
‘x’
Documented arguments not in \usage in Rd file 'tc_correlation.Rd':
‘p’
Documented arguments not in \usage in Rd file 'tc_efunc.Rd':
‘p’
Documented arguments not in \usage in Rd file 'tc_mfunc.Rd':
‘p’
Documented arguments not in \usage in Rd file 'tc_response.Rd':
‘p’
Documented arguments not in \usage in Rd file 'truncate_input.Rd':
‘moving’
Functions with \usage entries need to have the appropriate \alias
entries, and all their arguments documented.
The \usage entries must correspond to syntactically valid R code.
See chapter ‘Writing R documentation files’ in the ‘Writing R
Extensions’ manual.
Flavors: r-devel-linux-x86_64-debian-clang, r-devel-linux-x86_64-debian-gcc, r-devel-linux-x86_64-fedora-clang, r-devel-linux-x86_64-fedora-gcc, r-devel-windows-x86_64, r-patched-linux-x86_64
Version: 2.0.6.0
Check: Rd cross-references
Result: NOTE
Undeclared package ‘dplR’ in Rd xrefs
Flavor: r-devel-linux-x86_64-fedora-clang