Last updated on 2024-04-23 10:54:20 CEST.
Flavor | Version | Tinstall | Tcheck | Ttotal | Status | Flags |
---|---|---|---|---|---|---|
r-devel-linux-x86_64-debian-clang | 1.0.5 | 170.85 | 268.92 | 439.77 | OK | |
r-devel-linux-x86_64-debian-gcc | 1.0.5 | 160.84 | 202.41 | 363.25 | OK | |
r-devel-linux-x86_64-fedora-clang | 1.0.5 | 543.09 | OK | |||
r-devel-linux-x86_64-fedora-gcc | 1.0.5 | 670.36 | OK | |||
r-prerel-macos-arm64 | 1.0.5 | 153.00 | NOTE | |||
r-prerel-windows-x86_64 | 1.0.5 | 110.00 | 273.00 | 383.00 | NOTE | |
r-patched-linux-x86_64 | 1.0.5 | 181.81 | 268.53 | 450.34 | OK | |
r-release-linux-x86_64 | 1.0.5 | 178.20 | 270.51 | 448.71 | OK | |
r-release-macos-arm64 | 1.0.5 | 123.00 | NOTE | |||
r-release-macos-x86_64 | 1.0.5 | 314.00 | NOTE | |||
r-release-windows-x86_64 | 1.0.5 | 156.00 | 322.00 | 478.00 | NOTE | |
r-oldrel-macos-arm64 | 1.0.5 | 143.00 | NOTE | |||
r-oldrel-windows-x86_64 | 1.0.5 | 147.00 | 315.00 | 462.00 | NOTE |
Version: 1.0.5
Check: installed package size
Result: NOTE
installed size is 68.9Mb
sub-directories of 1Mb or more:
doc 2.1Mb
libs 66.2Mb
Flavors: r-prerel-macos-arm64, r-prerel-windows-x86_64, r-release-macos-arm64, r-release-macos-x86_64, r-release-windows-x86_64, r-oldrel-macos-arm64, r-oldrel-windows-x86_64