CRAN Package Check Results for Package trajr

Last updated on 2021-10-26 10:04:44 CEST.

Flavor Version Tinstall Tcheck Ttotal Status Flags
r-devel-linux-x86_64-debian-clang 1.4.0 3.73 269.56 273.29 NOTE
r-devel-linux-x86_64-debian-gcc 1.4.0 3.11 182.00 185.11 NOTE
r-devel-linux-x86_64-fedora-clang 1.4.0 326.25 NOTE
r-devel-linux-x86_64-fedora-gcc 1.4.0 325.11 NOTE
r-devel-windows-x86_64 1.4.0 8.00 248.00 256.00 NOTE
r-devel-windows-x86_64-gcc10-UCRT 1.4.0 NOTE
r-patched-linux-x86_64 1.4.0 4.74 262.18 266.92 NOTE
r-patched-solaris-x86 1.4.0 397.40 NOTE
r-release-linux-x86_64 1.4.0 3.18 260.65 263.83 NOTE
r-release-macos-arm64 1.4.0 NOTE
r-release-macos-x86_64 1.4.0 NOTE
r-release-windows-ix86+x86_64 1.4.0 5.00 328.00 333.00 NOTE
r-oldrel-macos-x86_64 1.4.0 OK
r-oldrel-windows-ix86+x86_64 1.4.0 8.00 314.00 322.00 OK

Check Details

Version: 1.4.0
Check: LazyData
Result: NOTE
     'LazyData' is specified without a 'data' directory
Flavors: r-devel-linux-x86_64-debian-clang, r-devel-linux-x86_64-debian-gcc, r-devel-linux-x86_64-fedora-clang, r-devel-linux-x86_64-fedora-gcc, r-devel-windows-x86_64, r-devel-windows-x86_64-gcc10-UCRT, r-patched-linux-x86_64, r-patched-solaris-x86, r-release-linux-x86_64, r-release-macos-arm64, r-release-macos-x86_64, r-release-windows-ix86+x86_64