CRAN Package Check Results for Package tourr

Last updated on 2021-07-25 09:50:37 CEST.

Flavor Version Tinstall Tcheck Ttotal Status Flags
r-devel-linux-x86_64-debian-clang 0.6.0 5.49 84.91 90.40 OK
r-devel-linux-x86_64-debian-gcc 0.6.0 4.48 63.29 67.77 OK
r-devel-linux-x86_64-fedora-clang 0.6.0 113.98 NOTE
r-devel-linux-x86_64-fedora-gcc 0.6.0 106.46 NOTE
r-devel-windows-x86_64 0.6.0 8.00 93.00 101.00 OK
r-devel-windows-x86_64-gcc10-UCRT 0.6.0 NOTE
r-patched-linux-x86_64 0.6.0 6.40 80.53 86.93 OK
r-patched-solaris-x86 0.6.0 134.10 NOTE
r-release-linux-x86_64 0.6.0 5.41 80.66 86.07 OK
r-release-macos-arm64 0.6.0 NOTE
r-release-macos-x86_64 0.6.0 NOTE
r-release-windows-ix86+x86_64 0.6.0 12.00 98.00 110.00 OK
r-oldrel-macos-x86_64 0.6.0 NOTE
r-oldrel-windows-ix86+x86_64 0.6.0 12.00 118.00 130.00 OK

Check Details

Version: 0.6.0
Check: dependencies in R code
Result: NOTE
    Namespace in Imports field not imported from: ‘tibble’
     All declared Imports should be used.
Flavors: r-devel-linux-x86_64-fedora-clang, r-devel-linux-x86_64-fedora-gcc, r-devel-windows-x86_64-gcc10-UCRT, r-patched-solaris-x86, r-release-macos-arm64, r-release-macos-x86_64, r-oldrel-macos-x86_64

Version: 0.6.0
Check: package dependencies
Result: NOTE
    Package suggested but not available for checking: ‘gifski’
Flavor: r-patched-solaris-x86