CRAN Package Check Results for Package touchard

Last updated on 2021-10-16 09:54:35 CEST.

Flavor Version Tinstall Tcheck Ttotal Status Flags
r-devel-linux-x86_64-debian-clang 2.0.1 3.84 44.29 48.13 OK
r-devel-linux-x86_64-debian-gcc 2.0.1 2.95 33.22 36.17 OK
r-devel-linux-x86_64-fedora-clang 2.0.1 67.75 NOTE
r-devel-linux-x86_64-fedora-gcc 2.0.1 55.97 OK
r-devel-windows-x86_64 2.0.1 6.00 49.00 55.00 OK
r-devel-windows-x86_64-gcc10-UCRT 2.0.1 OK
r-patched-linux-x86_64 2.0.1 4.51 42.87 47.38 OK
r-patched-solaris-x86 2.0.1 79.60 OK
r-release-linux-x86_64 2.0.1 3.56 42.18 45.74 OK
r-release-macos-arm64 2.0.1 OK
r-release-macos-x86_64 2.0.1 OK
r-release-windows-ix86+x86_64 2.0.1 9.00 62.00 71.00 OK
r-oldrel-macos-x86_64 2.0.1 OK
r-oldrel-windows-ix86+x86_64 2.0.1 9.00 65.00 74.00 OK

Check Details

Version: 2.0.1
Check: Rd cross-references
Result: NOTE
    Undeclared package ‘vcd’ in Rd xrefs
Flavor: r-devel-linux-x86_64-fedora-clang