Last updated on 2024-04-24 10:23:12 CEST.
Flavor | Version | Tinstall | Tcheck | Ttotal | Status | Flags |
---|---|---|---|---|---|---|
r-devel-linux-x86_64-debian-clang | 0.1.5 | 26.73 | 44.08 | 70.81 | NOTE | |
r-devel-linux-x86_64-debian-gcc | 0.1.5 | 19.55 | 34.17 | 53.72 | NOTE | |
r-devel-linux-x86_64-fedora-clang | 0.1.5 | 102.46 | NOTE | |||
r-devel-linux-x86_64-fedora-gcc | 0.1.5 | 97.40 | NOTE | |||
r-devel-windows-x86_64 | 0.1.5 | 23.00 | 79.00 | 102.00 | NOTE | |
r-patched-linux-x86_64 | 0.1.5 | 28.28 | 43.01 | 71.29 | NOTE | |
r-release-linux-x86_64 | 0.1.5 | 22.56 | 43.12 | 65.68 | NOTE | |
r-release-macos-arm64 | 0.1.5 | 35.00 | NOTE | |||
r-release-windows-x86_64 | 0.1.5 | 19.00 | 137.00 | 156.00 | NOTE | |
r-oldrel-macos-arm64 | 0.1.5 | 37.00 | OK | |||
r-oldrel-macos-x86_64 | 0.1.5 | 50.00 | NOTE | |||
r-oldrel-windows-x86_64 | 0.1.5 | 28.00 | 85.00 | 113.00 | OK |
Version: 0.1.5
Check: C++ specification
Result: NOTE
Specified C++11: please drop specification unless essential
Flavors: r-devel-linux-x86_64-debian-clang, r-devel-linux-x86_64-debian-gcc, r-devel-linux-x86_64-fedora-clang, r-devel-linux-x86_64-fedora-gcc, r-devel-windows-x86_64, r-patched-linux-x86_64, r-release-linux-x86_64, r-release-macos-arm64, r-release-windows-x86_64, r-oldrel-macos-x86_64