CRAN Package Check Results for Package tmbstan

Last updated on 2021-10-23 10:57:10 CEST.

Flavor Version Tinstall Tcheck Ttotal Status Flags
r-devel-linux-x86_64-debian-clang 1.0.2 95.21 118.32 213.53 OK
r-devel-linux-x86_64-debian-gcc 1.0.2 95.83 94.05 189.88 OK
r-devel-linux-x86_64-fedora-clang 1.0.2 307.18 NOTE
r-devel-linux-x86_64-fedora-gcc 1.0.2 314.35 OK
r-devel-windows-x86_64 1.0.2 136.00 123.00 259.00 OK
r-devel-windows-x86_64-gcc10-UCRT 1.0.2 OK
r-patched-linux-x86_64 1.0.2 102.86 118.45 221.31 OK
r-patched-solaris-x86 1.0.2 356.00 OK
r-release-linux-x86_64 1.0.2 104.61 117.91 222.52 OK
r-release-macos-arm64 1.0.2 NOTE
r-release-macos-x86_64 1.0.2 NOTE
r-release-windows-ix86+x86_64 1.0.2 190.00 232.00 422.00 OK
r-oldrel-macos-x86_64 1.0.2 NOTE
r-oldrel-windows-ix86+x86_64 1.0.2 268.00 240.00 508.00 OK

Check Details

Version: 1.0.2
Check: installed package size
Result: NOTE
     installed size is 21.3Mb
     sub-directories of 1Mb or more:
     libs 21.0Mb
Flavors: r-devel-linux-x86_64-fedora-clang, r-release-macos-arm64, r-release-macos-x86_64, r-oldrel-macos-x86_64