CRAN Package Check Results for Package titanic

Last updated on 2021-09-22 09:52:52 CEST.

Flavor Version Tinstall Tcheck Ttotal Status Flags
r-devel-linux-x86_64-debian-clang 0.1.0 1.76 20.64 22.40 OK
r-devel-linux-x86_64-debian-gcc 0.1.0 1.47 16.49 17.96 OK
r-devel-linux-x86_64-fedora-clang 0.1.0 36.07 OK
r-devel-linux-x86_64-fedora-gcc 0.1.0 25.70 OK
r-devel-windows-x86_64 0.1.0 4.00 29.00 33.00 OK
r-devel-windows-x86_64-gcc10-UCRT 0.1.0 ERROR
r-patched-linux-x86_64 0.1.0 1.72 20.15 21.87 OK
r-patched-solaris-x86 0.1.0 42.30 OK
r-release-linux-x86_64 0.1.0 1.95 20.15 22.10 OK
r-release-macos-arm64 0.1.0 OK
r-release-macos-x86_64 0.1.0 OK
r-release-windows-ix86+x86_64 0.1.0 5.00 29.00 34.00 OK
r-oldrel-macos-x86_64 0.1.0 OK
r-oldrel-windows-ix86+x86_64 0.1.0 15.00 29.00 44.00 OK

Check Details

Version: 0.1.0
Check: PDF version of manual
Result: WARN
    LaTeX errors when creating PDF version.
    This typically indicates Rd problems.
Flavor: r-devel-windows-x86_64-gcc10-UCRT

Version: 0.1.0
Check: PDF version of manual without hyperrefs or index
Result: ERROR
    Re-running with no redirection of stdout/stderr.
Flavor: r-devel-windows-x86_64-gcc10-UCRT