CRAN Package Check Results for Package timechange

Last updated on 2021-10-18 09:55:01 CEST.

Flavor Version Tinstall Tcheck Ttotal Status Flags
r-devel-linux-x86_64-debian-clang 0.0.2 58.99 32.92 91.91 NOTE
r-devel-linux-x86_64-debian-gcc 0.0.2 42.99 25.56 68.55 NOTE
r-devel-linux-x86_64-fedora-clang 0.0.2 157.62 NOTE
r-devel-linux-x86_64-fedora-gcc 0.0.2 124.45 NOTE
r-devel-windows-x86_64 0.0.2 82.00 55.00 137.00 NOTE
r-devel-windows-x86_64-gcc10-UCRT 0.0.2 NOTE
r-patched-linux-x86_64 0.0.2 51.95 32.61 84.56 NOTE
r-patched-solaris-x86 0.0.2 136.00 NOTE
r-release-linux-x86_64 0.0.2 51.90 33.47 85.37 NOTE
r-release-macos-arm64 0.0.2 NOTE
r-release-macos-x86_64 0.0.2 NOTE
r-release-windows-ix86+x86_64 0.0.2 132.00 83.00 215.00 NOTE
r-oldrel-macos-x86_64 0.0.2 OK
r-oldrel-windows-ix86+x86_64 0.0.2 166.00 85.00 251.00 OK

Check Details

Version: 0.0.2
Check: LazyData
Result: NOTE
     'LazyData' is specified without a 'data' directory
Flavors: r-devel-linux-x86_64-debian-clang, r-devel-linux-x86_64-debian-gcc, r-devel-linux-x86_64-fedora-clang, r-devel-linux-x86_64-fedora-gcc, r-devel-windows-x86_64, r-devel-windows-x86_64-gcc10-UCRT, r-patched-linux-x86_64, r-patched-solaris-x86, r-release-linux-x86_64, r-release-macos-arm64, r-release-macos-x86_64, r-release-windows-ix86+x86_64