CRAN Package Check Results for Package tiledb

Last updated on 2021-09-17 09:53:40 CEST.

Flavor Version Tinstall Tcheck Ttotal Status Flags
r-devel-linux-x86_64-debian-clang 0.9.6 126.07 134.33 260.40 WARN
r-devel-linux-x86_64-debian-gcc 0.9.6 90.16 102.14 192.30 WARN
r-devel-linux-x86_64-fedora-clang 0.9.6 349.27 NOTE
r-devel-linux-x86_64-fedora-gcc 0.9.6 335.23 OK
r-devel-windows-x86_64 0.9.6 125.00 172.00 297.00 NOTE
r-devel-windows-x86_64-gcc10-UCRT 0.9.6 OK
r-patched-linux-x86_64 0.9.6 111.51 129.47 240.98 WARN
r-release-linux-x86_64 0.9.6 110.19 129.19 239.38 WARN
r-release-macos-arm64 0.9.6 NOTE
r-release-macos-x86_64 0.9.6 NOTE
r-release-windows-ix86+x86_64 0.9.6 283.00 175.00 458.00 NOTE
r-oldrel-macos-x86_64 0.9.6 NOTE
r-oldrel-windows-ix86+x86_64 0.9.6 210.00 177.00 387.00 NOTE

Check Details

Version: 0.9.6
Check: top-level files
Result: WARN
     Output from running autoreconf:
     configure.ac:83: warning: The macro `AC_HELP_STRING' is obsolete.
     configure.ac:83: You should run autoupdate.
     ./lib/autoconf/general.m4:204: AC_HELP_STRING is expanded from...
     configure.ac:83: the top level
     configure.ac:94: warning: The macro `AC_HELP_STRING' is obsolete.
     configure.ac:94: You should run autoupdate.
     ./lib/autoconf/general.m4:204: AC_HELP_STRING is expanded from...
     configure.ac:94: the top level
     configure.ac:111: warning: The macro `AC_HELP_STRING' is obsolete.
     configure.ac:111: You should run autoupdate.
     ./lib/autoconf/general.m4:204: AC_HELP_STRING is expanded from...
     configure.ac:111: the top level
Flavors: r-devel-linux-x86_64-debian-clang, r-devel-linux-x86_64-debian-gcc, r-patched-linux-x86_64, r-release-linux-x86_64

Version: 0.9.6
Check: installed package size
Result: NOTE
     installed size is 49.1Mb
     sub-directories of 1Mb or more:
     libs 9.0Mb
     tiledb 38.1Mb
Flavors: r-devel-linux-x86_64-fedora-clang, r-devel-windows-x86_64, r-release-macos-arm64, r-release-macos-x86_64, r-release-windows-ix86+x86_64, r-oldrel-macos-x86_64, r-oldrel-windows-ix86+x86_64