Last updated on 2024-04-23 10:54:20 CEST.
Flavor | Version | Tinstall | Tcheck | Ttotal | Status | Flags |
---|---|---|---|---|---|---|
r-devel-linux-x86_64-debian-clang | 2.0.0 | 7.58 | 60.79 | 68.37 | OK | |
r-devel-linux-x86_64-debian-gcc | 2.0.0 | 5.65 | 45.01 | 50.66 | OK | |
r-devel-linux-x86_64-fedora-clang | 2.0.0 | 85.99 | NOTE | |||
r-devel-linux-x86_64-fedora-gcc | 2.0.0 | 93.13 | OK | |||
r-prerel-macos-arm64 | 2.0.0 | 36.00 | OK | |||
r-prerel-windows-x86_64 | 2.0.0 | 7.00 | 68.00 | 75.00 | OK | |
r-patched-linux-x86_64 | 2.0.0 | 4.54 | 56.15 | 60.69 | OK | |
r-release-linux-x86_64 | 2.0.0 | 4.82 | 55.96 | 60.78 | OK | |
r-release-macos-arm64 | 2.0.0 | 37.00 | OK | |||
r-release-macos-x86_64 | 2.0.0 | 59.00 | OK | |||
r-release-windows-x86_64 | 2.0.0 | 9.00 | 73.00 | 82.00 | OK | |
r-oldrel-macos-arm64 | 2.0.0 | 29.00 | OK | |||
r-oldrel-windows-x86_64 | 2.0.0 | 10.00 | 93.00 | 103.00 | OK |
Version: 2.0.0
Check: package dependencies
Result: NOTE
Imports includes 30 non-default packages.
Importing from so many packages makes the package vulnerable to any of
them becoming unavailable. Move as many as possible to Suggests and
use conditionally.
Flavor: r-devel-linux-x86_64-fedora-clang