CRAN Package Check Results for Package tidytext

Last updated on 2021-07-25 09:50:37 CEST.

Flavor Version Tinstall Tcheck Ttotal Status Flags
r-devel-linux-x86_64-debian-clang 0.3.1 11.50 156.68 168.18 NOTE
r-devel-linux-x86_64-debian-gcc 0.3.1 9.84 129.35 139.19 OK
r-devel-linux-x86_64-fedora-clang 0.3.1 224.77 OK
r-devel-linux-x86_64-fedora-gcc 0.3.1 210.32 OK
r-devel-windows-x86_64 0.3.1 13.00 150.00 163.00 OK
r-devel-windows-x86_64-gcc10-UCRT 0.3.1 OK
r-patched-linux-x86_64 0.3.1 11.13 162.81 173.94 OK
r-patched-solaris-x86 0.3.1 322.10 OK
r-release-linux-x86_64 0.3.1 10.28 162.98 173.26 OK
r-release-macos-arm64 0.3.1 OK
r-release-macos-x86_64 0.3.1 OK
r-release-windows-ix86+x86_64 0.3.1 25.00 161.00 186.00 OK
r-oldrel-macos-x86_64 0.3.1 OK
r-oldrel-windows-ix86+x86_64 0.3.1 27.00 196.00 223.00 OK

Check Details

Version: 0.3.1
Check: package dependencies
Result: NOTE
    Packages suggested but not available for checking: 'quanteda', 'stm'
Flavor: r-devel-linux-x86_64-debian-clang