Last updated on 2024-03-28 10:49:51 CET.
Flavor | Version | Tinstall | Tcheck | Ttotal | Status | Flags |
---|---|---|---|---|---|---|
r-devel-linux-x86_64-debian-clang | 0.2.0 | 5.83 | 80.54 | 86.37 | NOTE | |
r-devel-linux-x86_64-debian-gcc | 0.2.0 | 4.13 | 59.55 | 63.68 | NOTE | |
r-devel-linux-x86_64-fedora-clang | 0.2.0 | 120.16 | NOTE | |||
r-devel-linux-x86_64-fedora-gcc | 0.2.0 | 100.74 | NOTE | |||
r-devel-windows-x86_64 | 0.2.0 | 6.00 | 83.00 | 89.00 | NOTE | |
r-patched-linux-x86_64 | 0.2.0 | 4.20 | 76.42 | 80.62 | NOTE | |
r-release-linux-x86_64 | 0.2.0 | 3.54 | 76.28 | 79.82 | OK | |
r-release-macos-arm64 | 0.2.0 | 39.00 | OK | |||
r-release-macos-x86_64 | 0.2.0 | 69.00 | OK | |||
r-release-windows-x86_64 | 0.2.0 | 7.00 | 99.00 | 106.00 | OK | |
r-oldrel-macos-arm64 | 0.2.0 | 42.00 | OK | |||
r-oldrel-windows-x86_64 | 0.2.0 | 8.00 | 93.00 | 101.00 | OK |
Version: 0.2.0
Check: HTML version of manual
Result: NOTE
Found the following HTML validation problems:
generate_control.html:87:1 (generate_control.Rd:36): Warning: trimming empty <li>
generate_control.html:86:1 (generate_control.Rd:36): Warning: trimming empty <ol>
generate_weights.html:220:1 (generate_weights.Rd:102): Warning: trimming empty <li>
generate_weights.html:219:1 (generate_weights.Rd:102): Warning: trimming empty <ol>
Flavors: r-devel-linux-x86_64-debian-clang, r-devel-linux-x86_64-debian-gcc, r-devel-linux-x86_64-fedora-clang, r-devel-linux-x86_64-fedora-gcc, r-devel-windows-x86_64, r-patched-linux-x86_64