CRAN Package Check Results for Package tidysq

Last updated on 2021-10-24 10:04:23 CEST.

Flavor Version Tinstall Tcheck Ttotal Status Flags
r-devel-linux-x86_64-debian-clang 1.1.2-1 523.22 91.00 614.22 OK
r-devel-linux-x86_64-debian-gcc 1.1.2-1 338.52 65.88 404.40 OK
r-devel-linux-x86_64-fedora-clang 1.1.2-1 942.63 WARN
r-devel-linux-x86_64-fedora-gcc 1.1.2-1 794.26 OK
r-devel-windows-x86_64 1.1.2-1 494.00 150.00 644.00 OK
r-devel-windows-x86_64-gcc10-UCRT 1.1.2-1 OK
r-patched-linux-x86_64 1.1.2-1 390.95 86.88 477.83 OK
r-release-linux-x86_64 1.1.2-1 395.21 84.90 480.11 OK
r-release-macos-arm64 1.1.2-1 NOTE
r-release-macos-x86_64 1.1.2-1 NOTE
r-release-windows-ix86+x86_64 1.1.2-1 713.00 207.00 920.00 NOTE
r-oldrel-macos-x86_64 1.1.2-1 NOTE
r-oldrel-windows-ix86+x86_64 1.1.2-1 168.00 8.00 176.00 ERROR

Check Details

Version: 1.1.2-1
Check: whether package can be installed
Result: WARN
    Found the following significant warnings:
     ../inst/include/tidysq/Sequence.h:20:53: warning: 'iterator<std::bidirectional_iterator_tag, unsigned char>' is deprecated [-Wdeprecated-declarations]
Flavor: r-devel-linux-x86_64-fedora-clang

Version: 1.1.2-1
Check: installed package size
Result: NOTE
     installed size is 51.3Mb
     sub-directories of 1Mb or more:
     libs 50.4Mb
Flavors: r-devel-linux-x86_64-fedora-clang, r-release-macos-arm64, r-release-macos-x86_64, r-release-windows-ix86+x86_64, r-oldrel-macos-x86_64

Version: 1.1.2-1
Check: whether package can be installed
Result: ERROR
    Installation failed.
Flavor: r-oldrel-windows-ix86+x86_64