CRAN Package Check Results for Package tidyselect

Last updated on 2021-09-23 10:53:51 CEST.

Flavor Version Tinstall Tcheck Ttotal Status Flags
r-devel-linux-x86_64-debian-clang 1.1.1 4.20 46.96 51.16 OK
r-devel-linux-x86_64-debian-gcc 1.1.1 2.94 36.14 39.08 OK
r-devel-linux-x86_64-fedora-clang 1.1.1 68.88 OK
r-devel-linux-x86_64-fedora-gcc 1.1.1 59.76 OK
r-devel-windows-x86_64 1.1.1 6.00 51.00 57.00 OK
r-devel-windows-x86_64-gcc10-UCRT 1.1.1 ERROR
r-patched-linux-x86_64 1.1.1 4.26 46.47 50.73 OK
r-patched-solaris-x86 1.1.1 90.80 OK
r-release-linux-x86_64 1.1.1 3.33 48.12 51.45 OK
r-release-macos-arm64 1.1.1 OK
r-release-macos-x86_64 1.1.1 OK
r-release-windows-ix86+x86_64 1.1.1 9.00 49.00 58.00 OK
r-oldrel-macos-x86_64 1.1.1 OK
r-oldrel-windows-ix86+x86_64 1.1.1 7.00 51.00 58.00 OK

Check Details

Version: 1.1.1
Check: PDF version of manual
Result: WARN
    LaTeX errors when creating PDF version.
    This typically indicates Rd problems.
Flavor: r-devel-windows-x86_64-gcc10-UCRT

Version: 1.1.1
Check: PDF version of manual without hyperrefs or index
Result: ERROR
    Re-running with no redirection of stdout/stderr.
Flavor: r-devel-windows-x86_64-gcc10-UCRT