CRAN Package Check Results for Package tidyr

Last updated on 2021-09-19 09:50:47 CEST.

Flavor Version Tinstall Tcheck Ttotal Status Flags
r-devel-linux-x86_64-debian-clang 1.1.3 16.66 93.73 110.39 OK
r-devel-linux-x86_64-debian-gcc 1.1.3 11.78 70.14 81.92 OK
r-devel-linux-x86_64-fedora-clang 1.1.3 139.87 NOTE
r-devel-linux-x86_64-fedora-gcc 1.1.3 127.40 NOTE
r-devel-windows-x86_64 1.1.3 20.00 127.00 147.00 OK
r-devel-windows-x86_64-gcc10-UCRT 1.1.3 ERROR
r-patched-linux-x86_64 1.1.3 16.87 94.86 111.73 OK
r-patched-solaris-x86 1.1.3 183.40 NOTE
r-release-linux-x86_64 1.1.3 15.93 95.37 111.30 OK
r-release-macos-arm64 1.1.3 NOTE
r-release-macos-x86_64 1.1.3 NOTE
r-release-windows-ix86+x86_64 1.1.3 40.00 119.00 159.00 OK
r-oldrel-macos-x86_64 1.1.3 NOTE
r-oldrel-windows-ix86+x86_64 1.1.3 40.00 125.00 165.00 OK

Check Details

Version: 1.1.3
Check: data for non-ASCII characters
Result: NOTE
     Note: found 24 marked UTF-8 strings
Flavors: r-devel-linux-x86_64-fedora-clang, r-devel-linux-x86_64-fedora-gcc, r-patched-solaris-x86, r-release-macos-arm64, r-release-macos-x86_64, r-oldrel-macos-x86_64

Version: 1.1.3
Check: whether package can be installed
Result: ERROR
    Installation failed.
Flavor: r-devel-windows-x86_64-gcc10-UCRT