CRAN Package Check Results for Package tidymv

Last updated on 2021-07-27 09:53:42 CEST.

Flavor Version Tinstall Tcheck Ttotal Status Flags
r-devel-linux-x86_64-debian-clang 3.2.1 9.19 96.64 105.83 OK
r-devel-linux-x86_64-debian-gcc 3.2.1 6.70 71.19 77.89 OK
r-devel-linux-x86_64-fedora-clang 3.2.1 130.21 OK
r-devel-linux-x86_64-fedora-gcc 3.2.1 120.14 OK
r-devel-windows-x86_64 3.2.1 12.00 120.00 132.00 OK
r-devel-windows-x86_64-gcc10-UCRT 3.2.1 OK
r-patched-linux-x86_64 3.2.1 7.37 92.60 99.97 OK
r-patched-solaris-x86 3.2.1 213.20 OK
r-release-linux-x86_64 3.2.1 7.86 90.21 98.07 OK
r-release-macos-arm64 3.2.1 WARN
r-release-macos-x86_64 3.2.1 OK
r-release-windows-ix86+x86_64 3.2.1 18.00 100.00 118.00 OK
r-oldrel-macos-x86_64 3.2.1 OK
r-oldrel-windows-ix86+x86_64 3.2.1 13.00 119.00 132.00 OK

Check Details

Version: 3.2.1
Check: re-building of vignette outputs
Result: WARN
    Error(s) in re-building vignettes:
     ...
    --- re-building ‘plot-smooths.Rmd’ using rmarkdown
    Warning in engine$weave(file, quiet = quiet, encoding = enc) :
     Pandoc (>= 1.12.3) not available. Falling back to R Markdown v1.
    Quitting from lines 60-66 (plot-smooths.Rmd)
    Error: processing vignette 'plot-smooths.Rmd' failed with diagnostics:
    polygon edge not found
    --- failed re-building ‘plot-smooths.Rmd’
    
    --- re-building ‘predict-gam.Rmd’ using rmarkdown
    Warning in engine$weave(file, quiet = quiet, encoding = enc) :
     Pandoc (>= 1.12.3) not available. Falling back to R Markdown v1.
    Quitting from lines 75-78 (predict-gam.Rmd)
    Error: processing vignette 'predict-gam.Rmd' failed with diagnostics:
    polygon edge not found
    --- failed re-building ‘predict-gam.Rmd’
    
    SUMMARY: processing the following files failed:
     ‘plot-smooths.Rmd’ ‘predict-gam.Rmd’
    
    Error: Vignette re-building failed.
    Execution halted
Flavor: r-release-macos-arm64