Last updated on 2025-11-06 10:49:29 CET.
| Flavor | Version | Tinstall | Tcheck | Ttotal | Status | Flags |
|---|---|---|---|---|---|---|
| r-devel-linux-x86_64-debian-clang | 0.3.2 | 6.42 | 238.50 | 244.92 | NOTE | |
| r-devel-linux-x86_64-debian-gcc | 0.3.2 | 1.58 | 3.06 | 4.64 | ERROR | |
| r-devel-linux-x86_64-fedora-clang | 0.3.2 | 11.00 | -4.25 | 6.75 | ERROR | |
| r-devel-linux-x86_64-fedora-gcc | 0.3.2 | 21.00 | -13.94 | 7.06 | ERROR | |
| r-devel-windows-x86_64 | 0.3.2 | 10.00 | 204.00 | 214.00 | NOTE | |
| r-patched-linux-x86_64 | 0.3.2 | 2.33 | 2.16 | 4.49 | ERROR | |
| r-release-linux-x86_64 | 0.3.2 | 5.88 | 227.99 | 233.87 | NOTE | |
| r-release-macos-arm64 | 0.3.2 | 4.00 | 110.00 | 114.00 | NOTE | |
| r-release-macos-x86_64 | 0.3.2 | 6.00 | 229.00 | 235.00 | NOTE | |
| r-release-windows-x86_64 | 0.3.2 | 8.00 | 204.00 | 212.00 | NOTE | |
| r-oldrel-macos-arm64 | 0.3.2 | 3.00 | 93.00 | 96.00 | NOTE | |
| r-oldrel-macos-x86_64 | 0.3.2 | 5.00 | 169.00 | 174.00 | NOTE | |
| r-oldrel-windows-x86_64 | 0.3.2 | 12.00 | 296.00 | 308.00 | NOTE |
Version: 0.3.2
Check: Rd files
Result: NOTE
checkRd: (-1) json_schema.Rd:33: Lost braces; missing escapes or markup?
33 | \item object -> {"name": <type>} e.g., {"age": 32} -> {"age": "number"}
| ^
checkRd: (-1) json_schema.Rd:33: Lost braces; missing escapes or markup?
33 | \item object -> {"name": <type>} e.g., {"age": 32} -> {"age": "number"}
| ^
checkRd: (-1) json_schema.Rd:33: Lost braces; missing escapes or markup?
33 | \item object -> {"name": <type>} e.g., {"age": 32} -> {"age": "number"}
| ^
Flavors: r-devel-linux-x86_64-debian-clang, r-devel-windows-x86_64, r-release-linux-x86_64, r-release-macos-arm64, r-release-macos-x86_64, r-release-windows-x86_64, r-oldrel-macos-arm64, r-oldrel-macos-x86_64, r-oldrel-windows-x86_64
Version: 0.3.2
Check: whether package can be installed
Result: ERROR
Installation failed.
Flavors: r-devel-linux-x86_64-debian-gcc, r-devel-linux-x86_64-fedora-clang, r-devel-linux-x86_64-fedora-gcc, r-patched-linux-x86_64