CRAN Package Check Results for Package tidyjson

Last updated on 2021-07-25 09:50:37 CEST.

Flavor Version Tinstall Tcheck Ttotal Status Flags
r-devel-linux-x86_64-debian-clang 0.3.1 7.75 332.46 340.21 OK
r-devel-linux-x86_64-debian-gcc 0.3.1 6.44 237.68 244.12 OK
r-devel-linux-x86_64-fedora-clang 0.3.1 379.02 OK
r-devel-linux-x86_64-fedora-gcc 0.3.1 380.09 OK
r-devel-windows-x86_64 0.3.1 9.00 287.00 296.00 OK
r-devel-windows-x86_64-gcc10-UCRT 0.3.1 OK
r-patched-linux-x86_64 0.3.1 6.96 307.03 313.99 OK
r-patched-solaris-x86 0.3.1 230.40 WARN
r-release-linux-x86_64 0.3.1 5.38 299.20 304.58 OK
r-release-macos-arm64 0.3.1 WARN
r-release-macos-x86_64 0.3.1 WARN
r-release-windows-ix86+x86_64 0.3.1 15.00 304.00 319.00 OK
r-oldrel-macos-x86_64 0.3.1 WARN
r-oldrel-windows-ix86+x86_64 0.3.1 17.00 380.00 397.00 OK

Check Details

Version: 0.3.1
Check: re-building of vignette outputs
Result: WARN
    Error(s) in re-building vignettes:
     ...
    --- re-building ‘introduction-to-tidyjson.Rmd’ using rmarkdown
    Warning in engine$weave(file, quiet = quiet, encoding = enc) :
     Pandoc (>= 1.12.3) not available. Falling back to R Markdown v1.
    
    Attaching package: 'tidyjson'
    
    The following object is masked from 'package:stats':
    
     filter
    
    
    Attaching package: 'dplyr'
    
    The following objects are masked from 'package:stats':
    
     filter, lag
    
    The following objects are masked from 'package:base':
    
     intersect, setdiff, setequal, union
    
    --- finished re-building ‘introduction-to-tidyjson.Rmd’
    
    --- re-building ‘visualizing-json.Rmd’ using rmarkdown
    Warning in engine$weave(file, quiet = quiet, encoding = enc) :
     Pandoc (>= 1.12.3) not available. Falling back to R Markdown v1.
    
    Attaching package: 'dplyr'
    
    The following objects are masked from 'package:stats':
    
     filter, lag
    
    The following objects are masked from 'package:base':
    
     intersect, setdiff, setequal, union
    
    
    Attaching package: 'purrr'
    
    The following object is masked from 'package:jsonlite':
    
     flatten
    
    
    Attaching package: 'magrittr'
    
    The following object is masked from 'package:purrr':
    
     set_names
    
    
    Attaching package: 'igraph'
    
    The following objects are masked from 'package:purrr':
    
     compose, simplify
    
    The following objects are masked from 'package:dplyr':
    
     as_data_frame, groups, union
    
    The following objects are masked from 'package:stats':
    
     decompose, spectrum
    
    The following object is masked from 'package:base':
    
     union
    
    Loading required package: viridisLite
    
    Attaching package: 'tidyjson'
    
    The following object is masked from 'package:igraph':
    
     as_data_frame
    
    The following object is masked from 'package:jsonlite':
    
     read_json
    
    The following object is masked from 'package:stats':
    
     filter
    
    Quitting from lines 123-124 (visualizing-json.Rmd)
    Error: processing vignette 'visualizing-json.Rmd' failed with diagnostics:
    there is no package called 'webshot'
    --- failed re-building ‘visualizing-json.Rmd’
    
    SUMMARY: processing the following file failed:
     ‘visualizing-json.Rmd’
    
    Error: Vignette re-building failed.
    Execution halted
Flavor: r-patched-solaris-x86

Version: 0.3.1
Check: re-building of vignette outputs
Result: WARN
    Error(s) in re-building vignettes:
    --- re-building ‘introduction-to-tidyjson.Rmd’ using rmarkdown
    Warning in engine$weave(file, quiet = quiet, encoding = enc) :
     Pandoc (>= 1.12.3) not available. Falling back to R Markdown v1.
    
    Attaching package: 'tidyjson'
    
    The following object is masked from 'package:stats':
    
     filter
    
    
    Attaching package: 'dplyr'
    
    The following objects are masked from 'package:stats':
    
     filter, lag
    
    The following objects are masked from 'package:base':
    
     intersect, setdiff, setequal, union
    
    --- finished re-building ‘introduction-to-tidyjson.Rmd’
    
    --- re-building ‘visualizing-json.Rmd’ using rmarkdown
    Warning in engine$weave(file, quiet = quiet, encoding = enc) :
     Pandoc (>= 1.12.3) not available. Falling back to R Markdown v1.
    
    Attaching package: 'dplyr'
    
    The following objects are masked from 'package:stats':
    
     filter, lag
    
    The following objects are masked from 'package:base':
    
     intersect, setdiff, setequal, union
    
    
    Attaching package: 'purrr'
    
    The following object is masked from 'package:jsonlite':
    
     flatten
    
    
    Attaching package: 'magrittr'
    
    The following object is masked from 'package:purrr':
    
     set_names
    
    
    Attaching package: 'igraph'
    
    The following objects are masked from 'package:purrr':
    
     compose, simplify
    
    The following objects are masked from 'package:dplyr':
    
     as_data_frame, groups, union
    
    The following objects are masked from 'package:stats':
    
     decompose, spectrum
    
    The following object is masked from 'package:base':
    
     union
    
    Loading required package: viridisLite
    
    Attaching package: 'tidyjson'
    
    The following object is masked from 'package:igraph':
    
     as_data_frame
    
    The following object is masked from 'package:jsonlite':
    
     read_json
    
    The following object is masked from 'package:stats':
    
     filter
    
    Quitting from lines 123-124 (visualizing-json.Rmd)
    Error: processing vignette 'visualizing-json.Rmd' failed with diagnostics:
    invalid 'path' argument
    --- failed re-building ‘visualizing-json.Rmd’
    
    SUMMARY: processing the following file failed:
     ‘visualizing-json.Rmd’
    
    Error: Vignette re-building failed.
    Execution halted
Flavors: r-release-macos-arm64, r-release-macos-x86_64

Version: 0.3.1
Check: re-building of vignette outputs
Result: WARN
    Error(s) in re-building vignettes:
    --- re-building ‘introduction-to-tidyjson.Rmd’ using rmarkdown
    Warning in engine$weave(file, quiet = quiet, encoding = enc) :
     Pandoc (>= 1.12.3) and/or pandoc-citeproc not available. Falling back to R Markdown v1.
    
    Attaching package: 'tidyjson'
    
    The following object is masked from 'package:stats':
    
     filter
    
    
    Attaching package: 'dplyr'
    
    The following objects are masked from 'package:stats':
    
     filter, lag
    
    The following objects are masked from 'package:base':
    
     intersect, setdiff, setequal, union
    
    --- finished re-building ‘introduction-to-tidyjson.Rmd’
    
    --- re-building ‘visualizing-json.Rmd’ using rmarkdown
    Warning in engine$weave(file, quiet = quiet, encoding = enc) :
     Pandoc (>= 1.12.3) and/or pandoc-citeproc not available. Falling back to R Markdown v1.
    
    Attaching package: 'dplyr'
    
    The following objects are masked from 'package:stats':
    
     filter, lag
    
    The following objects are masked from 'package:base':
    
     intersect, setdiff, setequal, union
    
    
    Attaching package: 'purrr'
    
    The following object is masked from 'package:jsonlite':
    
     flatten
    
    
    Attaching package: 'magrittr'
    
    The following object is masked from 'package:purrr':
    
     set_names
    
    
    Attaching package: 'igraph'
    
    The following objects are masked from 'package:purrr':
    
     compose, simplify
    
    The following objects are masked from 'package:dplyr':
    
     as_data_frame, groups, union
    
    The following objects are masked from 'package:stats':
    
     decompose, spectrum
    
    The following object is masked from 'package:base':
    
     union
    
    Loading required package: viridisLite
    
    Attaching package: 'tidyjson'
    
    The following object is masked from 'package:igraph':
    
     as_data_frame
    
    The following object is masked from 'package:jsonlite':
    
     read_json
    
    The following object is masked from 'package:stats':
    
     filter
    
    Quitting from lines 123-124 (visualizing-json.Rmd)
    Error: processing vignette 'visualizing-json.Rmd' failed with diagnostics:
    cannot open the connection
    --- failed re-building ‘visualizing-json.Rmd’
    
    SUMMARY: processing the following file failed:
     ‘visualizing-json.Rmd’
    
    Error: Vignette re-building failed.
    Execution halted
Flavor: r-oldrel-macos-x86_64