CRAN Package Check Results for Package tidygenomics

Last updated on 2021-09-17 09:53:40 CEST.

Flavor Version Tinstall Tcheck Ttotal Status Flags
r-devel-linux-x86_64-debian-clang 0.1.2 20.90 68.81 89.71 NOTE
r-devel-linux-x86_64-debian-gcc 0.1.2 13.43 51.17 64.60 NOTE
r-devel-linux-x86_64-fedora-clang 0.1.2 120.58 NOTE
r-devel-linux-x86_64-fedora-gcc 0.1.2 103.50 NOTE
r-devel-windows-x86_64 0.1.2 23.00 100.00 123.00 NOTE
r-devel-windows-x86_64-gcc10-UCRT 0.1.2 NOTE
r-patched-linux-x86_64 0.1.2 17.36 63.36 80.72 NOTE
r-patched-solaris-x86 0.1.2 123.90 NOTE
r-release-linux-x86_64 0.1.2 16.80 64.38 81.18 NOTE
r-release-macos-arm64 0.1.2 NOTE
r-release-macos-x86_64 0.1.2 NOTE
r-release-windows-ix86+x86_64 0.1.2 52.00 97.00 149.00 NOTE
r-oldrel-macos-x86_64 0.1.2 OK
r-oldrel-windows-ix86+x86_64 0.1.2 39.00 118.00 157.00 OK

Check Details

Version: 0.1.2
Check: LazyData
Result: NOTE
     'LazyData' is specified without a 'data' directory
Flavors: r-devel-linux-x86_64-debian-clang, r-devel-linux-x86_64-debian-gcc, r-devel-linux-x86_64-fedora-clang, r-devel-linux-x86_64-fedora-gcc, r-devel-windows-x86_64, r-devel-windows-x86_64-gcc10-UCRT, r-patched-linux-x86_64, r-patched-solaris-x86, r-release-linux-x86_64, r-release-macos-arm64, r-release-macos-x86_64, r-release-windows-ix86+x86_64