CRAN Package Check Results for Package tidyRSS

Last updated on 2021-10-20 09:55:25 CEST.

Flavor Version Tinstall Tcheck Ttotal Status Flags
r-devel-linux-x86_64-debian-clang 2.0.4 5.67 53.02 58.69 OK
r-devel-linux-x86_64-debian-gcc 2.0.4 4.73 40.48 45.21 OK
r-devel-linux-x86_64-fedora-clang 2.0.4 81.37 OK
r-devel-linux-x86_64-fedora-gcc 2.0.4 67.80 OK
r-devel-windows-x86_64 2.0.4 9.00 64.00 73.00 OK
r-devel-windows-x86_64-gcc10-UCRT 2.0.4 OK
r-patched-linux-x86_64 2.0.4 5.40 50.56 55.96 OK
r-patched-solaris-x86 2.0.4 100.30 OK
r-release-linux-x86_64 2.0.4 5.43 50.54 55.97 OK
r-release-macos-arm64 2.0.3 NOTE
r-release-macos-x86_64 2.0.4 OK
r-release-windows-ix86+x86_64 2.0.4 14.00 78.00 92.00 OK
r-oldrel-macos-x86_64 2.0.4 OK
r-oldrel-windows-ix86+x86_64 2.0.4 11.00 62.00 73.00 OK

Check Details

Version: 2.0.3
Check: LazyData
Result: NOTE
     'LazyData' is specified without a 'data' directory
Flavor: r-release-macos-arm64