Last updated on 2024-08-13 10:50:35 CEST.
Flavor | Version | Tinstall | Tcheck | Ttotal | Status | Flags |
---|---|---|---|---|---|---|
r-devel-linux-x86_64-debian-clang | 0.1.0 | 14.17 | 42.92 | 57.09 | OK | |
r-devel-linux-x86_64-debian-gcc | 0.1.0 | 10.55 | 32.33 | 42.88 | OK | |
r-devel-linux-x86_64-fedora-clang | 0.1.0 | 91.89 | NOTE | |||
r-devel-linux-x86_64-fedora-gcc | 0.1.0 | 90.71 | NOTE | |||
r-devel-windows-x86_64 | 0.1.0 | 15.00 | 61.00 | 76.00 | NOTE | |
r-patched-linux-x86_64 | 0.1.0 | 14.59 | 41.48 | 56.07 | OK | |
r-release-linux-x86_64 | 0.1.0 | 13.30 | 41.65 | 54.95 | OK | |
r-release-macos-arm64 | 0.1.0 | 33.00 | NOTE | |||
r-release-macos-x86_64 | 0.1.0 | 49.00 | NOTE | |||
r-release-windows-x86_64 | 0.1.0 | 16.00 | 63.00 | 79.00 | NOTE | |
r-oldrel-macos-arm64 | 0.1.0 | 35.00 | NOTE | |||
r-oldrel-macos-x86_64 | 0.1.0 | 54.00 | NOTE | |||
r-oldrel-windows-x86_64 | 0.1.0 | 21.00 | 70.00 | 91.00 | NOTE |
Version: 0.1.0
Check: installed package size
Result: NOTE
installed size is 7.0Mb
sub-directories of 1Mb or more:
R 4.0Mb
data 3.0Mb
Flavors: r-devel-linux-x86_64-fedora-clang, r-devel-windows-x86_64, r-release-macos-arm64, r-release-macos-x86_64, r-release-windows-x86_64, r-oldrel-macos-arm64, r-oldrel-macos-x86_64, r-oldrel-windows-x86_64
Version: 0.1.0
Check: data for non-ASCII characters
Result: NOTE
Note: found 197527 marked UTF-8 strings
Flavors: r-devel-linux-x86_64-fedora-clang, r-devel-linux-x86_64-fedora-gcc