Last updated on 2024-04-17 08:57:48 CEST.
Flavor | Version | Tinstall | Tcheck | Ttotal | Status | Flags |
---|---|---|---|---|---|---|
r-devel-linux-x86_64-debian-clang | 2.4-22 | 41.11 | 63.70 | 104.81 | OK | --no-vignettes |
r-devel-linux-x86_64-debian-gcc | 2.4-22 | 31.04 | 45.73 | 76.77 | OK | --no-vignettes |
r-devel-linux-x86_64-fedora-clang | 2.4-22 | 159.20 | NOTE | --no-vignettes | ||
r-devel-linux-x86_64-fedora-gcc | 2.4-22 | 136.87 | OK | --no-vignettes | ||
r-prerel-macos-arm64 | 2.4-22 | 38.00 | NOTE | --no-vignettes | ||
r-prerel-windows-x86_64 | 2.4-22 | 44.00 | 76.00 | 120.00 | OK | --no-examples --no-tests --no-vignettes |
r-patched-linux-x86_64 | 2.4-22 | 36.37 | 59.39 | 95.76 | OK | --no-vignettes |
r-release-linux-x86_64 | 2.4-22 | 40.15 | 60.45 | 100.60 | OK | --no-vignettes |
r-release-macos-arm64 | 2.4-22 | 41.00 | NOTE | --no-vignettes | ||
r-release-macos-x86_64 | 2.4-22 | 77.00 | NOTE | --no-vignettes | ||
r-release-windows-x86_64 | 2.4-22 | 50.00 | 70.00 | 120.00 | OK | --no-examples --no-tests --no-vignettes |
r-oldrel-macos-arm64 | 2.4-22 | 40.00 | OK | --no-vignettes | ||
r-oldrel-windows-x86_64 | 2.4-22 | 44.00 | 75.00 | 119.00 | OK | --no-examples --no-tests --no-vignettes |
Version: 2.4-22
Flags: --no-vignettes
Check: Rd cross-references
Result: NOTE
Undeclared package ‘akima’ in Rd xrefs
Flavor: r-devel-linux-x86_64-fedora-clang
Version: 2.4-22
Flags: --no-vignettes
Check: installed package size
Result: NOTE
installed size is 5.2Mb
sub-directories of 1Mb or more:
doc 2.6Mb
libs 2.1Mb
Flavors: r-prerel-macos-arm64, r-release-macos-arm64, r-release-macos-x86_64