CRAN Package Check Results for Package tfarima

Last updated on 2021-10-21 09:55:09 CEST.

Flavor Version Tinstall Tcheck Ttotal Status Flags
r-devel-linux-x86_64-debian-clang 0.2.1 187.12 62.51 249.63 OK
r-devel-linux-x86_64-debian-gcc 0.2.1 140.90 46.25 187.15 OK
r-devel-linux-x86_64-fedora-clang 0.2.1 410.28 NOTE
r-devel-linux-x86_64-fedora-gcc 0.2.1 355.72 OK
r-devel-windows-x86_64 0.2.1 265.00 80.00 345.00 OK
r-devel-windows-x86_64-gcc10-UCRT 0.2.1 OK
r-patched-linux-x86_64 0.2.1 172.39 60.49 232.88 OK
r-patched-solaris-x86 0.2.1 325.70 OK
r-release-linux-x86_64 0.2.1 169.82 59.85 229.67 OK
r-release-macos-arm64 0.2.1 NOTE
r-release-macos-x86_64 0.2.1 NOTE
r-release-windows-ix86+x86_64 0.2.1 391.00 119.00 510.00 OK
r-oldrel-macos-x86_64 0.2.1 NOTE
r-oldrel-windows-ix86+x86_64 0.2.1 541.00 112.00 653.00 OK

Check Details

Version: 0.2.1
Check: installed package size
Result: NOTE
     installed size is 6.9Mb
     sub-directories of 1Mb or more:
     libs 6.1Mb
Flavors: r-devel-linux-x86_64-fedora-clang, r-release-macos-arm64, r-release-macos-x86_64, r-oldrel-macos-x86_64