CRAN Package Check Results for Package textmineR

Last updated on 2021-09-21 09:53:11 CEST.

Flavor Version Tinstall Tcheck Ttotal Status Flags
r-devel-linux-x86_64-debian-clang 3.0.5 111.75 127.18 238.93 OK --no-vignettes
r-devel-linux-x86_64-debian-gcc 3.0.5 71.15 93.43 164.58 OK --no-vignettes
r-devel-linux-x86_64-fedora-clang 3.0.5 471.54 NOTE
r-devel-linux-x86_64-fedora-gcc 3.0.5 463.96 OK
r-devel-windows-x86_64 3.0.5 99.00 450.00 549.00 OK
r-devel-windows-x86_64-gcc10-UCRT 3.0.5 ERROR --no-vignettes
r-patched-linux-x86_64 3.0.5 89.57 111.44 201.01 OK --no-vignettes
r-patched-solaris-x86 3.0.5 313.10 OK
r-release-linux-x86_64 3.0.5 90.38 109.04 199.42 OK --no-vignettes
r-release-macos-arm64 3.0.5 NOTE
r-release-macos-x86_64 3.0.5 NOTE
r-release-windows-ix86+x86_64 3.0.5 252.00 536.00 788.00 OK
r-oldrel-macos-x86_64 3.0.5 NOTE
r-oldrel-windows-ix86+x86_64 3.0.5 248.00 526.00 774.00 OK

Check Details

Version: 3.0.5
Check: Rd cross-references
Result: NOTE
    Undeclared package ‘tm’ in Rd xrefs
Flavor: r-devel-linux-x86_64-fedora-clang

Version: 3.0.5
Flags: --no-vignettes
Check: whether package can be installed
Result: ERROR
    Installation failed.
Flavor: r-devel-windows-x86_64-gcc10-UCRT

Version: 3.0.5
Check: installed package size
Result: NOTE
     installed size is 6.1Mb
     sub-directories of 1Mb or more:
     libs 4.2Mb
Flavors: r-release-macos-arm64, r-release-macos-x86_64, r-oldrel-macos-x86_64