CRAN Package Check Results for Package textcat

Last updated on 2021-10-21 09:55:09 CEST.

Flavor Version Tinstall Tcheck Ttotal Status Flags
r-devel-linux-x86_64-debian-clang 1.0-7 2.55 22.82 25.37 OK
r-devel-linux-x86_64-debian-gcc 1.0-7 2.17 18.21 20.38 OK
r-devel-linux-x86_64-fedora-clang 1.0-7 41.64 NOTE
r-devel-linux-x86_64-fedora-gcc 1.0-7 31.86 NOTE
r-devel-windows-x86_64 1.0-7 4.00 33.00 37.00 OK
r-devel-windows-x86_64-gcc10-UCRT 1.0-7 NOTE
r-patched-linux-x86_64 1.0-7 2.56 22.67 25.23 OK
r-patched-solaris-x86 1.0-7 51.30 NOTE
r-release-linux-x86_64 1.0-7 2.42 22.30 24.72 OK
r-release-macos-arm64 1.0-7 NOTE
r-release-macos-x86_64 1.0-7 NOTE
r-release-windows-ix86+x86_64 1.0-7 6.00 41.00 47.00 OK
r-oldrel-macos-x86_64 1.0-7 NOTE
r-oldrel-windows-ix86+x86_64 1.0-7 6.00 42.00 48.00 OK

Check Details

Version: 1.0-7
Check: Rd cross-references
Result: NOTE
    Undeclared package ‘NLP’ in Rd xrefs
Flavor: r-devel-linux-x86_64-fedora-clang

Version: 1.0-7
Check: data for non-ASCII characters
Result: NOTE
     Note: found 10051 marked UTF-8 strings
     Note: found 10523 strings marked as "bytes"
Flavors: r-devel-linux-x86_64-fedora-clang, r-devel-linux-x86_64-fedora-gcc, r-devel-windows-x86_64-gcc10-UCRT, r-patched-solaris-x86, r-release-macos-arm64, r-release-macos-x86_64, r-oldrel-macos-x86_64