CRAN Package Check Results for Package textTinyR

Last updated on 2021-10-20 09:55:25 CEST.

Flavor Version Tinstall Tcheck Ttotal Status Flags
r-devel-linux-x86_64-debian-clang 1.1.5 121.32 140.62 261.94 OK
r-devel-linux-x86_64-debian-gcc 1.1.5 98.16 115.72 213.88 OK
r-devel-linux-x86_64-fedora-clang 1.1.5 394.37 NOTE
r-devel-linux-x86_64-fedora-gcc 1.1.5 366.34 OK
r-devel-windows-x86_64 1.1.5 149.00 142.00 291.00 OK
r-devel-windows-x86_64-gcc10-UCRT 1.1.4 OK
r-patched-linux-x86_64 1.1.5 112.11 133.25 245.36 OK
r-patched-solaris-x86 1.1.5 290.60 ERROR
r-release-linux-x86_64 1.1.5 116.74 133.93 250.67 OK
r-release-macos-arm64 1.1.4 NOTE
r-release-macos-x86_64 1.1.5 NOTE
r-release-windows-ix86+x86_64 1.1.5 205.00 188.00 393.00 NOTE
r-oldrel-macos-x86_64 1.1.5 NOTE
r-oldrel-windows-ix86+x86_64 1.1.5 211.00 177.00 388.00 NOTE

Check Details

Version: 1.1.5
Check: installed package size
Result: NOTE
     installed size is 13.9Mb
     sub-directories of 1Mb or more:
     libs 12.3Mb
Flavors: r-devel-linux-x86_64-fedora-clang, r-release-macos-x86_64, r-release-windows-ix86+x86_64, r-oldrel-macos-x86_64, r-oldrel-windows-ix86+x86_64

Version: 1.1.5
Check: tests
Result: ERROR
     Running ‘testthat.R’ [41s/61s]
    Running the tests in ‘tests/testthat.R’ failed.
    Complete output:
     > library(testthat)
     > library(textTinyR)
     Loading required package: Matrix
     >
     > test_check("textTinyR")
     test-TEXT_DOC_DISSIM.R : test id 1
     test-TEXT_DOC_DISSIM.R : test id 2
     test-TEXT_DOC_DISSIM.R : test id 3
     test-TEXT_DOC_DISSIM.R : test id 4
     test-TEXT_DOC_DISSIM.R : test id 5
     test-TEXT_DOC_DISSIM.R : test id 6
     test-TEXT_DOC_DISSIM.R : test id 7
     test-TEXT_DOC_DISSIM.R : test id 8
     test-TEXT_DOC_DISSIM.R : test id 9
     test-TEXT_DOC_DISSIM.R : test id 10
     test-TEXT_DOC_DISSIM.R : test id 11
     test-TEXT_DOC_DISSIM.R : test id 12
     test-big_tokenize_transform.R : test id 13
     test-big_tokenize_transform.R : test id 14
     test-big_tokenize_transform.R : test id 15
     test-big_tokenize_transform.R : test id 16
     test-big_tokenize_transform.R : test id 17
     test-big_tokenize_transform.R : test id 18
     test-big_tokenize_transform.R : test id 19
     test-big_tokenize_transform.R : test id 20
     test-big_tokenize_transform.R : test id 21
     test-big_tokenize_transform.R : test id 22
     test-big_tokenize_transform.R : test id 23
     test-big_tokenize_transform.R : test id 24
     test-big_tokenize_transform.R : test id 25
     test-big_tokenize_transform.R : test id 26
     test-big_tokenize_transform.R : test id 27
     test-big_tokenize_transform.R : test id 28
     test-big_tokenize_transform.R : test id 29
     test-big_tokenize_transform.R : test id 30
     test-big_tokenize_transform.R : test id 31
     test-big_tokenize_transform.R : test id 32
     test-big_tokenize_transform.R : test id 33
     test-big_tokenize_transform.R : test id 34
     test-big_tokenize_transform.R : test id 35
     test-big_tokenize_transform.R : test id 36
     test-big_tokenize_transform.R : test id 37
     test-big_tokenize_transform.R : test id 38
     test-big_tokenize_transform.R : test id 39
     test-big_tokenize_transform.R : test id 40
     test-big_tokenize_transform.R : test id 41
     test-big_tokenize_transform.R : test id 42
     test-big_tokenize_transform.R : test id 43
     test-big_tokenize_transform.R : test id 44
     test-big_tokenize_transform.R : test id 45
     test-big_tokenize_transform.R : test id 46
     test-big_tokenize_transform.R : test id 47
     test-big_tokenize_transform.R : test id 48
     test-big_tokenize_transform.R : test id 49
     test-big_tokenize_transform.R : test id 50
     test-big_tokenize_transform.R : test id 51
     test-big_tokenize_transform.R : test id 52
     test-big_tokenize_transform.R : test id 53
     test-big_tokenize_transform.R : test id 54
     test-big_tokenize_transform.R : test id 55
     test-big_tokenize_transform.R : test id 56
     test-big_tokenize_transform.R : test id 57
     test-big_tokenize_transform.R : test id 58
     test-big_tokenize_transform.R : test id 59
     test-big_tokenize_transform.R : test id 60
     test-big_tokenize_transform.R : test id 61
     test-big_tokenize_transform.R : test id 62
     test-big_tokenize_transform.R : test id 63
     test-big_tokenize_transform.R : test id 64
     test-big_tokenize_transform.R : test id 65
     test-big_tokenize_transform.R : test id 66
     test-big_tokenize_transform.R : test id 67
     test-big_tokenize_transform.R : test id 68
     test-big_tokenize_transform.R : test id 69
     test-big_tokenize_transform.R : test id 70
     test-big_tokenize_transform.R : test id 71
     test-big_tokenize_transform.R : test id 72
     test-big_tokenize_transform.R : test id 73
     test-big_tokenize_transform.R : test id 74
     test-big_tokenize_transform.R : test id 75
     test-big_tokenize_transform.R : test id 76
     test-big_tokenize_transform.R : test id 77
     test-big_tokenize_transform.R : test id 78
     test-big_tokenize_transform.R : test id 79
     test-big_tokenize_transform.R : test id 80
     test-big_tokenize_transform.R : test id 81
     test-big_tokenize_transform.R : test id 82
     test-big_tokenize_transform.R : test id 83
     test-big_tokenize_transform.R : test id 84
     test-big_tokenize_transform.R : test id 85
     test-big_tokenize_transform.R : test id 86
    
     test-big_tokenize_transform.R : test id 87
     test-cluster_frequency.R : test id 88
     test-cluster_frequency.R : test id 89
     test-cosine.R : test id 90
     test-cosine.R : test id 91
     test-cosine.R : test id 92
     test-cosine.R : test id 93
     test-cosine.R : test id 94
     test-cosine.R : test id 95
     test-count_rows.R : test id 96
     test-count_rows.R : test id 97
     test-count_rows.R : test id 98
     test-dims.R : test id 99
     test-dims.R : test id 100
     test-dims.R : test id 101
     test-doc2vec.R : test id 102
     test-doc2vec.R : test id 103
     test-doc2vec.R : test id 104
     test-doc2vec.R : test id 105
     test-doc2vec.R : test id 106
     test-doc2vec.R : test id 107
     test-doc2vec.R : test id 108
     test-doc2vec.R : test id 109
     test-doc2vec.R : test id 110
     test-doc2vec.R : test id 111
     test-doc2vec.R : test id 112
     test-doc2vec.R : test id 113
     test-doc2vec.R : test id 114
     test-doc2vec.R : test id 115
     test-doc2vec.R : test id 116
     test-jaccard_dice.R : test id 117
     test-jaccard_dice.R : test id 118
     test-jaccard_dice.R : test id 119
     test-jaccard_dice.R : test id 120
     test-jaccard_dice.R : test id 121
     test-jaccard_dice.R : test id 122
     test-jaccard_dice.R : test id 123
     test-jaccard_dice.R : test id 124
     test-select_predictors.R : test id 125
     test-select_predictors.R : test id 126
     test-select_predictors.R : test id 127
     test-select_predictors.R : test id 128
     test-select_predictors.R : test id 129
     test-select_predictors.R : test id 130
     test-sparse_functions_AND_read_text.R : test id 131
     test-sparse_functions_AND_read_text.R : test id 132
     test-sparse_functions_AND_read_text.R : test id 133
     test-sparse_functions_AND_read_text.R : test id 134
     test-sparse_functions_AND_read_text.R : test id 135
     test-sparse_functions_AND_read_text.R : test id 136
     test-sparse_functions_AND_read_text.R : test id 137
     test-sparse_functions_AND_read_text.R : test id 138
     test-sparse_functions_AND_read_text.R : test id 139
     test-sparse_functions_AND_read_text.R : test id 140
     test-sparse_functions_AND_read_text.R : test id 141
     test-sparse_functions_AND_read_text.R : test id 142
     test-sparse_functions_AND_read_text.R : test id 143
     test-sparse_functions_AND_read_text.R : test id 144
     test-sparse_functions_AND_read_text.R : test id 145
     test-sparse_functions_AND_read_text.R : test id 146
     test-sparse_functions_AND_read_text.R : test id 147
     test-sparse_functions_AND_read_text.R : test id 148
     test-sparse_functions_AND_read_text.R : test id 149
     test-sparse_functions_AND_read_text.R : test id 150
     test-sparse_functions_AND_read_text.R : test id 151
     test-sparse_functions_AND_read_text.R : test id 152
     test-sparse_functions_AND_read_text.R : test id 153
     test-sparse_functions_AND_read_text.R : test id 154
     test-sparse_functions_AND_read_text.R : test id 155
     test-sparse_functions_AND_read_text.R : test id 156
     test-sparse_functions_AND_read_text.R : test id 157
     test-sparse_functions_AND_read_text.R : test id 158
     test-sparse_functions_AND_read_text.R : test id 159
     test-term_matrix_triplet_data_global_term_weights.R : test id 160
     test-term_matrix_triplet_data_global_term_weights.R : test id 161
     test-term_matrix_triplet_data_global_term_weights.R : test id 162
     test-term_matrix_triplet_data_global_term_weights.R : test id 163
     test-term_matrix_triplet_data_global_term_weights.R : test id 164
     test-term_matrix_triplet_data_global_term_weights.R : test id 165
     test-term_matrix_triplet_data_global_term_weights.R : test id 166
     test-term_matrix_triplet_data_global_term_weights.R : test id 167
     test-term_matrix_triplet_data_global_term_weights.R : test id 168
     test-term_matrix_triplet_data_global_term_weights.R : test id 169
     test-term_matrix_triplet_data_global_term_weights.R : test id 170
     test-term_matrix_triplet_data_global_term_weights.R : test id 171
     test-term_matrix_triplet_data_global_term_weights.R : test id 172
     test-term_matrix_triplet_data_global_term_weights.R : test id 173
     test-term_matrix_triplet_data_global_term_weights.R : test id 174
     test-term_matrix_triplet_data_global_term_weights.R : test id 175
     test-term_matrix_triplet_data_global_term_weights.R : test id 176
     test-term_matrix_triplet_data_global_term_weights.R : test id 177
     test-term_matrix_triplet_data_global_term_weights.R : test id 178
     test-term_matrix_triplet_data_global_term_weights.R : test id 179
     test-term_matrix_triplet_data_global_term_weights.R : test id 180
     test-term_matrix_triplet_data_global_term_weights.R : test id 181
     test-term_matrix_triplet_data_global_term_weights.R : test id 182
     test-term_matrix_triplet_data_global_term_weights.R : test id 183
     test-term_matrix_triplet_data_global_term_weights.R : test id 184
     test-term_matrix_triplet_data_global_term_weights.R : test id 185
     test-term_matrix_triplet_data_global_term_weights.R : test id 186
     test-term_matrix_triplet_data_global_term_weights.R : test id 187
     test-term_matrix_triplet_data_global_term_weights.R : test id 188
     test-term_matrix_triplet_data_global_term_weights.R : test id 189
     test-term_matrix_triplet_data_global_term_weights.R : test id 190
     test-term_matrix_triplet_data_global_term_weights.R : test id 191
     test-term_matrix_triplet_data_global_term_weights.R : test id 192
     test-term_matrix_triplet_data_global_term_weights.R : test id 193
     test-term_matrix_triplet_data_global_term_weights.R : test id 194
     test-term_matrix_triplet_data_global_term_weights.R : test id 195
     test-term_matrix_triplet_data_global_term_weights.R : test id 196
     test-term_matrix_triplet_data_global_term_weights.R : test id 197
     test-term_matrix_triplet_data_global_term_weights.R : test id 198
     test-term_matrix_triplet_data_global_term_weights.R : test id 199
     test-term_matrix_triplet_data_global_term_weights.R : test id 200
    
     test-term_matrix_triplet_data_global_term_weights.R : test id 201
     test-term_matrix_triplet_data_global_term_weights.R : test id 202
     test-term_matrix_triplet_data_global_term_weights.R : test id 203
     test-term_matrix_triplet_data_global_term_weights.R : test id 204
     test-term_matrix_triplet_data_global_term_weights.R : test id 205
     test-term_matrix_triplet_data_global_term_weights.R : test id 206
     test-term_matrix_triplet_data_global_term_weights.R : test id 207
     test-term_matrix_triplet_data_global_term_weights.R : test id 208
     test-term_matrix_triplet_data_global_term_weights.R : test id 209
     test-term_matrix_triplet_data_global_term_weights.R : test id 210
     test-term_matrix_triplet_data_global_term_weights.R : test id 211
     test-term_matrix_triplet_data_global_term_weights.R : test id 212
     test-term_matrix_triplet_data_global_term_weights.R : test id 213
     test-term_matrix_triplet_data_global_term_weights.R : test id 214
     test-term_matrix_triplet_data_global_term_weights.R : test id 215
     test-term_matrix_triplet_data_global_term_weights.R : test id 216
     test-term_matrix_triplet_data_global_term_weights.R : test id 217
     test-term_matrix_triplet_data_global_term_weights.R : test id 218
     test-term_matrix_triplet_data_global_term_weights.R : test id 219
     test-term_matrix_triplet_data_global_term_weights.R : test id 220
     test-term_matrix_triplet_data_global_term_weights.R : test id 221
     test-term_matrix_triplet_data_global_term_weights.R : test id 222
     test-term_matrix_triplet_data_global_term_weights.R : test id 223
     test-term_matrix_triplet_data_global_term_weights.R : test id 224
     test-term_matrix_triplet_data_global_term_weights.R : test id 225
     test-term_matrix_triplet_data_global_term_weights.R : test id 226
     test-term_matrix_triplet_data_global_term_weights.R : test id 227
     test-term_matrix_triplet_data_global_term_weights.R : test id 228
     test-term_matrix_triplet_data_global_term_weights.R : test id 229
     test-text_intersect.R : test id 230
     test-text_intersect.R : test id 231
     test-text_intersect.R : test id 232
     test-text_intersect.R : test id 233
     test-text_intersect.R : test id 234
     test-text_intersect.R : test id 235
     test-text_intersect.R : test id 236
     test-text_intersect.R : test id 237
     test-text_intersect.R : test id 238
     test-text_intersect.R : test id 239
     test-text_intersect.R : test id 240
     test-text_intersect.R : test id 241
     test-text_intersect.R : test id 242
     test-text_intersect.R : test id 243
     test-text_intersect.R : test id 244
     test-token_statistics.R : test id 245
     test-token_statistics.R : test id 246
     test-token_statistics.R : test id 247
     test-token_statistics.R : test id 248
     test-token_statistics.R : test id 249
     test-token_statistics.R : test id 250
     test-token_statistics.R : test id 251
     test-token_statistics.R : test id 252
     test-token_statistics.R : test id 253
     test-token_statistics.R : test id 254
     test-token_statistics.R : test id 255
     test-token_statistics.R : test id 256
     test-token_statistics.R : test id 257
     test-token_statistics.R : test id 258
     test-token_statistics.R : test id 259
     test-token_statistics.R : test id 260
     test-token_statistics.R : test id 261
     test-token_statistics.R : test id 262
     test-token_statistics.R : test id 263
     test-token_statistics.R : test id 264
     test-token_statistics.R : test id 265
     test-token_statistics.R : test id 266
     test-token_statistics.R : test id 267
     test-token_statistics.R : test id 268
     test-token_statistics.R : test id 269
     test-token_statistics.R : test id 270
     test-token_statistics.R : test id 271
     test-token_statistics.R : test id 272
     test-token_statistics.R : test id 273
     test-token_statistics.R : test id 274
     test-token_statistics.R : test id 275
     test-token_statistics.R : test id 276
     test-token_statistics.R : test id 277
     test-token_statistics.R : test id 278
     test-token_statistics.R : test id 279
     test-token_statistics.R : test id 280
     test-token_statistics.R : test id 281
     test-token_statistics.R : test id 282
     test-token_statistics.R : test id 283
     test-token_statistics.R : test id 284
     test-token_statistics.R : test id 285
     test-token_statistics.R : test id 286
     test-token_statistics.R : test id 287
     test-tokenization_transformation.R : test id 288
     test-tokenization_transformation.R : test id 289
     test-tokenization_transformation.R : test id 290
     test-tokenization_transformation.R : test id 291
     test-tokenization_transformation.R : test id 292
     test-tokenization_transformation.R : test id 293
     test-tokenization_transformation.R : test id 294
     test-tokenization_transformation.R : test id 295
     test-tokenization_transformation.R : test id 296
     test-tokenization_transformation.R : test id 297
     test-tokenization_transformation.R : test id 298
     test-tokenization_transformation.R : test id 299
     test-tokenization_transformation.R : test id 300
     test-tokenization_transformation.R : test id 301
     test-tokenization_transformation.R : test id 302
     test-tokenization_transformation.R : test id 303
     test-tokenization_transformation.R : test id 304
     test-tokenization_transformation.R : test id 305
     test-tokenization_transformation.R : test id 306
     test-tokenization_transformation.R : test id 307
     test-tokenization_transformation.R : test id 308
     test-tokenization_transformation.R : test id 309
     test-tokenization_transformation.R : test id 310
     test-tokenization_transformation.R : test id 311
     test-tokenization_transformation.R : test id 312
     test-tokenization_transformation.R : test id 313
     test-tokenization_transformation.R : test id 314
     test-tokenization_transformation.R : test id 315
     test-tokenization_transformation.R : test id 316
     test-tokenization_transformation.R : test id 317
     test-tokenization_transformation.R : test id 318
     test-tokenization_transformation.R : test id 319
     test-tokenization_transformation.R : test id 320
     test-tokenization_transformation.R : test id 321
     test-tokenization_transformation.R : test id 322
     test-tokenization_transformation.R : test id 323
     test-tokenization_transformation.R : test id 324
     test-tokenization_transformation.R : test id 325
     test-tokenization_transformation.R : test id 326
     test-tokenization_transformation.R : test id 327
     test-tokenization_transformation.R : test id 328
    
     *** caught segfault ***
     address 6d6f7709, cause 'memory not mapped'
Flavor: r-patched-solaris-x86

Version: 1.1.4
Check: installed package size
Result: NOTE
     installed size is 19.2Mb
     sub-directories of 1Mb or more:
     libs 17.6Mb
Flavor: r-release-macos-arm64