CRAN Package Check Results for Package text2vec

Last updated on 2021-09-23 10:53:51 CEST.

Flavor Version Tinstall Tcheck Ttotal Status Flags
r-devel-linux-x86_64-debian-clang 0.6 74.93 322.96 397.89 OK
r-devel-linux-x86_64-debian-gcc 0.6 54.57 260.70 315.27 OK
r-devel-linux-x86_64-fedora-clang 0.6 374.33 NOTE
r-devel-linux-x86_64-fedora-gcc 0.6 347.49 OK
r-devel-windows-x86_64 0.6 66.00 287.00 353.00 NOTE
r-devel-windows-x86_64-gcc10-UCRT 0.6 ERROR
r-patched-linux-x86_64 0.6 62.84 304.10 366.94 OK
r-patched-solaris-x86 0.6 423.30 NOTE
r-release-linux-x86_64 0.6 61.56 311.29 372.85 OK
r-release-macos-arm64 0.6 NOTE
r-release-macos-x86_64 0.6 NOTE
r-release-windows-ix86+x86_64 0.6 150.00 494.00 644.00 NOTE
r-oldrel-macos-x86_64 0.6 NOTE
r-oldrel-windows-ix86+x86_64 0.6 114.00 472.00 586.00 NOTE

Check Details

Version: 0.6
Check: installed package size
Result: NOTE
     installed size is 10.2Mb
     sub-directories of 1Mb or more:
     data 2.7Mb
     doc 2.9Mb
     libs 4.0Mb
Flavors: r-devel-linux-x86_64-fedora-clang, r-devel-windows-x86_64, r-patched-solaris-x86, r-release-macos-arm64, r-release-macos-x86_64, r-release-windows-ix86+x86_64, r-oldrel-macos-x86_64, r-oldrel-windows-ix86+x86_64

Version: 0.6
Check: whether package can be installed
Result: ERROR
    Installation failed.
Flavor: r-devel-windows-x86_64-gcc10-UCRT