CRAN Package Check Results for Package texPreview

Last updated on 2021-09-22 09:52:52 CEST.

Flavor Version Tinstall Tcheck Ttotal Status Flags
r-devel-linux-x86_64-debian-clang 1.5 6.34 106.49 112.83 OK
r-devel-linux-x86_64-debian-gcc 1.5 4.76 73.85 78.61 OK
r-devel-linux-x86_64-fedora-clang 1.5 137.46 OK
r-devel-linux-x86_64-fedora-gcc 1.5 112.05 OK
r-devel-windows-x86_64 1.5 7.00 109.00 116.00 OK
r-devel-windows-x86_64-gcc10-UCRT 1.5 ERROR
r-patched-linux-x86_64 1.5 6.49 98.79 105.28 OK
r-patched-solaris-x86 1.5 202.20 OK
r-release-linux-x86_64 1.5 6.22 98.31 104.53 OK
r-release-macos-arm64 1.5 OK
r-release-macos-x86_64 1.5 OK
r-release-windows-ix86+x86_64 1.5 13.00 106.00 119.00 OK
r-oldrel-macos-x86_64 1.5 OK
r-oldrel-windows-ix86+x86_64 1.5 11.00 113.00 124.00 OK

Check Details

Version: 1.5
Check: package dependencies
Result: ERROR
    Packages required but not available: 'details', 'xml2'
    
    Package suggested but not available for checking: 'kableExtra'
    
    See section 'The DESCRIPTION file' in the 'Writing R Extensions'
    manual.
Flavor: r-devel-windows-x86_64-gcc10-UCRT