CRAN Package Check Results for Package tesseract

Last updated on 2021-09-28 09:53:35 CEST.

Flavor Version Tinstall Tcheck Ttotal Status Flags
r-devel-linux-x86_64-debian-clang 4.1.2 23.88 114.49 138.37 OK
r-devel-linux-x86_64-debian-gcc 4.1.2 15.87 126.04 141.91 OK
r-devel-linux-x86_64-fedora-clang 4.1.2 137.56 OK
r-devel-linux-x86_64-fedora-gcc 4.1.2 143.70 OK
r-devel-windows-x86_64 4.1.2 52.00 113.00 165.00 NOTE
r-devel-windows-x86_64-gcc10-UCRT 4.1.2 OK
r-patched-linux-x86_64 4.1.2 19.27 85.94 105.21 OK
r-release-linux-x86_64 4.1.2 18.56 87.76 106.32 OK
r-release-macos-arm64 4.1.1 NOTE
r-release-macos-x86_64 4.1.2 NOTE
r-release-windows-ix86+x86_64 4.1.2 76.00 143.00 219.00 NOTE
r-oldrel-macos-x86_64 4.1.2 NOTE
r-oldrel-windows-ix86+x86_64 4.1.2 70.00 140.00 210.00 NOTE

Additional issues

valgrind

Check Details

Version: 4.1.2
Check: installed package size
Result: NOTE
     installed size is 22.4Mb
     sub-directories of 1Mb or more:
     doc 1.2Mb
     libs 7.0Mb
     tessdata 14.0Mb
Flavors: r-devel-windows-x86_64, r-release-macos-x86_64, r-release-windows-ix86+x86_64, r-oldrel-macos-x86_64, r-oldrel-windows-ix86+x86_64

Version: 4.1.1
Check: installed package size
Result: NOTE
     installed size is 31.0Mb
     sub-directories of 1Mb or more:
     doc 1.2Mb
     libs 7.5Mb
     tessdata 22.2Mb
Flavor: r-release-macos-arm64