CRAN Package Check Results for Package tealeaves

Last updated on 2021-07-29 10:53:21 CEST.

Flavor Version Tinstall Tcheck Ttotal Status Flags
r-devel-linux-x86_64-debian-clang 1.0.5 OK
r-devel-linux-x86_64-debian-gcc 1.0.5 3.65 51.27 54.92 OK
r-devel-linux-x86_64-fedora-clang 1.0.5 95.38 OK
r-devel-linux-x86_64-fedora-gcc 1.0.5 87.74 OK
r-devel-windows-x86_64 1.0.5 6.00 97.00 103.00 OK
r-devel-windows-x86_64-gcc10-UCRT 1.0.5 FAIL
r-patched-linux-x86_64 1.0.5 4.30 65.74 70.04 OK
r-patched-solaris-x86 1.0.5 164.70 OK
r-release-linux-x86_64 1.0.5 4.08 65.82 69.90 OK
r-release-macos-arm64 1.0.5 WARN
r-release-macos-x86_64 1.0.5 OK
r-release-windows-ix86+x86_64 1.0.5 10.00 84.00 94.00 FAIL
r-oldrel-macos-x86_64 1.0.5 OK
r-oldrel-windows-ix86+x86_64 1.0.5 7.00 103.00 110.00 OK

Check Details

Version: 1.0.5
Check: re-building of vignette outputs
Result: FAIL
Flavors: r-devel-windows-x86_64-gcc10-UCRT, r-release-windows-ix86+x86_64

Version: 1.0.5
Check: re-building of vignette outputs
Result: WARN
    Error(s) in re-building vignettes:
    --- re-building ‘parameter-functions.Rmd’ using rmarkdown
    Warning in engine$weave(file, quiet = quiet, encoding = enc) :
     Pandoc (>= 1.12.3) not available. Falling back to R Markdown v1.
    --- finished re-building ‘parameter-functions.Rmd’
    
    --- re-building ‘tealeaves-intermediate.Rmd’ using rmarkdown
    Warning in engine$weave(file, quiet = quiet, encoding = enc) :
     Pandoc (>= 1.12.3) not available. Falling back to R Markdown v1.
    Quitting from lines 65-97 (tealeaves-intermediate.Rmd)
    Error: processing vignette 'tealeaves-intermediate.Rmd' failed with diagnostics:
    polygon edge not found
    --- failed re-building ‘tealeaves-intermediate.Rmd’
    
    --- re-building ‘tealeaves-introduction.Rmd’ using rmarkdown
    Warning in engine$weave(file, quiet = quiet, encoding = enc) :
     Pandoc (>= 1.12.3) not available. Falling back to R Markdown v1.
    Loading required package: units
    udunits database from /Volumes/Builds/packages/big-sur-arm64/Rlib/4.1/units/share/udunits/udunits2.xml
    
    Attaching package: 'purrr'
    
    The following object is masked from 'package:magrittr':
    
     set_names
    
    Warning in grid.Call(C_stringMetric, as.graphicsAnnot(x$label)) :
     no font could be found for family "Arial"
    Warning in grid.Call(C_stringMetric, as.graphicsAnnot(x$label)) :
     no font could be found for family "Arial"
    Warning in grid.Call(C_stringMetric, as.graphicsAnnot(x$label)) :
     no font could be found for family "Arial"
    Warning in grid.Call(C_stringMetric, as.graphicsAnnot(x$label)) :
     no font could be found for family "Arial"
    Warning in grid.Call(C_stringMetric, as.graphicsAnnot(x$label)) :
     no font could be found for family "Arial"
    Warning in grid.Call(C_stringMetric, as.graphicsAnnot(x$label)) :
     no font could be found for family "Arial"
    Warning in grid.Call(C_stringMetric, as.graphicsAnnot(x$label)) :
     no font could be found for family "Arial"
    Warning in grid.Call(C_stringMetric, as.graphicsAnnot(x$label)) :
     no font could be found for family "Arial"
    Warning in grid.Call(C_stringMetric, as.graphicsAnnot(x$label)) :
     no font could be found for family "Arial"
    Warning in grid.Call(C_stringMetric, as.graphicsAnnot(x$label)) :
     no font could be found for family "Arial"
    Warning in grid.Call(C_stringMetric, as.graphicsAnnot(x$label)) :
     no font could be found for family "Arial"
    Warning in grid.Call(C_stringMetric, as.graphicsAnnot(x$label)) :
     no font could be found for family "Arial"
    Warning in grid.Call(C_stringMetric, as.graphicsAnnot(x$label)) :
     no font could be found for family "Arial"
    Warning in grid.Call(C_stringMetric, as.graphicsAnnot(x$label)) :
     no font could be found for family "Arial"
    Warning in grid.Call(C_stringMetric, as.graphicsAnnot(x$label)) :
     no font could be found for family "Arial"
    Warning in grid.Call(C_stringMetric, as.graphicsAnnot(x$label)) :
     no font could be found for family "Arial"
    Warning in grid.Call(C_stringMetric, as.graphicsAnnot(x$label)) :
     no font could be found for family "Arial"
    Warning in grid.Call(C_stringMetric, as.graphicsAnnot(x$label)) :
     no font could be found for family "Arial"
    Warning in grid.Call(C_stringMetric, as.graphicsAnnot(x$label)) :
     no font could be found for family "Arial"
    Warning in grid.Call(C_stringMetric, as.graphicsAnnot(x$label)) :
     no font could be found for family "Arial"
    Warning in grid.Call(C_stringMetric, as.graphicsAnnot(x$label)) :
     no font could be found for family "Arial"
    Warning in grid.Call(C_stringMetric, as.graphicsAnnot(x$label)) :
     no font could be found for family "Arial"
    Warning in grid.Call(C_stringMetric, as.graphicsAnnot(x$label)) :
     no font could be found for family "Arial"
    Warning in grid.Call(C_stringMetric, as.graphicsAnnot(x$label)) :
     no font could be found for family "Arial"
    Warning in grid.Call(C_stringMetric, as.graphicsAnnot(x$label)) :
     no font could be found for family "Arial"
    Warning in grid.Call(C_stringMetric, as.graphicsAnnot(x$label)) :
     no font could be found for family "Arial"
    Warning in grid.Call(C_stringMetric, as.graphicsAnnot(x$label)) :
     no font could be found for family "Arial"
    Warning in grid.Call(C_stringMetric, as.graphicsAnnot(x$label)) :
     no font could be found for family "Arial"
    Warning in grid.Call(C_textBounds, as.graphicsAnnot(x$label), x$x, x$y, :
     no font could be found for family "Arial"
    Quitting from lines 130-162 (tealeaves-introduction.Rmd)
    Error: processing vignette 'tealeaves-introduction.Rmd' failed with diagnostics:
    polygon edge not found
    --- failed re-building ‘tealeaves-introduction.Rmd’
    
    SUMMARY: processing the following files failed:
     ‘tealeaves-intermediate.Rmd’ ‘tealeaves-introduction.Rmd’
    
    Error: Vignette re-building failed.
    Execution halted
Flavor: r-release-macos-arm64